Last updated on 2025-02-16 09:50:50 CET.
Flavor | Version | Tinstall | Tcheck | Ttotal | Status | Flags |
---|---|---|---|---|---|---|
r-devel-linux-x86_64-debian-clang | 1.0.0 | 2.39 | 29.75 | 32.14 | NOTE | |
r-devel-linux-x86_64-debian-gcc | 1.0.0 | 1.75 | 24.09 | 25.84 | NOTE | |
r-devel-linux-x86_64-fedora-clang | 1.0.0 | 54.02 | NOTE | |||
r-devel-linux-x86_64-fedora-gcc | 1.0.0 | 62.86 | NOTE | |||
r-devel-macos-arm64 | 1.0.0 | 24.00 | NOTE | |||
r-devel-macos-x86_64 | 1.0.0 | 42.00 | NOTE | |||
r-devel-windows-x86_64 | 1.0.0 | 5.00 | 58.00 | 63.00 | NOTE | |
r-patched-linux-x86_64 | 1.0.0 | 2.50 | 27.78 | 30.28 | NOTE | |
r-release-linux-x86_64 | 1.0.0 | 2.26 | 28.11 | 30.37 | NOTE | |
r-release-macos-arm64 | 1.0.0 | 24.00 | NOTE | |||
r-release-macos-x86_64 | 1.0.0 | 38.00 | NOTE | |||
r-release-windows-x86_64 | 1.0.0 | 4.00 | 62.00 | 66.00 | NOTE | |
r-oldrel-macos-arm64 | 1.0.0 | 26.00 | OK | |||
r-oldrel-macos-x86_64 | 1.0.0 | 35.00 | OK | |||
r-oldrel-windows-x86_64 | 1.0.0 | 4.00 | 62.00 | 66.00 | OK |
Version: 1.0.0
Check: Rd files
Result: NOTE
checkRd: (-1) oskar.Rd:14: Lost braces; missing escapes or markup?
14 | set of dice where A beats {B,C,E}; B beats {C,D,F}; C beats {D,E,G}; #' D beats {A,E,F}; E beats {B,F,G}; F beats {A,C,G}; G beats {A,B,D}. #' Consequently, for arbitrarily chosen two dice there is a third one
| ^
checkRd: (-1) oskar.Rd:14: Lost braces; missing escapes or markup?
14 | set of dice where A beats {B,C,E}; B beats {C,D,F}; C beats {D,E,G}; #' D beats {A,E,F}; E beats {B,F,G}; F beats {A,C,G}; G beats {A,B,D}. #' Consequently, for arbitrarily chosen two dice there is a third one
| ^
checkRd: (-1) oskar.Rd:14: Lost braces; missing escapes or markup?
14 | set of dice where A beats {B,C,E}; B beats {C,D,F}; C beats {D,E,G}; #' D beats {A,E,F}; E beats {B,F,G}; F beats {A,C,G}; G beats {A,B,D}. #' Consequently, for arbitrarily chosen two dice there is a third one
| ^
checkRd: (-1) oskar.Rd:14: Lost braces; missing escapes or markup?
14 | set of dice where A beats {B,C,E}; B beats {C,D,F}; C beats {D,E,G}; #' D beats {A,E,F}; E beats {B,F,G}; F beats {A,C,G}; G beats {A,B,D}. #' Consequently, for arbitrarily chosen two dice there is a third one
| ^
checkRd: (-1) oskar.Rd:14: Lost braces; missing escapes or markup?
14 | set of dice where A beats {B,C,E}; B beats {C,D,F}; C beats {D,E,G}; #' D beats {A,E,F}; E beats {B,F,G}; F beats {A,C,G}; G beats {A,B,D}. #' Consequently, for arbitrarily chosen two dice there is a third one
| ^
checkRd: (-1) oskar.Rd:14: Lost braces; missing escapes or markup?
14 | set of dice where A beats {B,C,E}; B beats {C,D,F}; C beats {D,E,G}; #' D beats {A,E,F}; E beats {B,F,G}; F beats {A,C,G}; G beats {A,B,D}. #' Consequently, for arbitrarily chosen two dice there is a third one
| ^
checkRd: (-1) oskar.Rd:14: Lost braces; missing escapes or markup?
14 | set of dice where A beats {B,C,E}; B beats {C,D,F}; C beats {D,E,G}; #' D beats {A,E,F}; E beats {B,F,G}; F beats {A,C,G}; G beats {A,B,D}. #' Consequently, for arbitrarily chosen two dice there is a third one
| ^
Flavors: r-devel-linux-x86_64-debian-clang, r-devel-linux-x86_64-debian-gcc, r-devel-linux-x86_64-fedora-clang, r-devel-linux-x86_64-fedora-gcc, r-devel-macos-arm64, r-devel-macos-x86_64, r-devel-windows-x86_64, r-patched-linux-x86_64, r-release-linux-x86_64, r-release-macos-arm64, r-release-macos-x86_64, r-release-windows-x86_64