Last updated on 2025-02-16 09:50:50 CET.
Flavor | Version | Tinstall | Tcheck | Ttotal | Status | Flags |
---|---|---|---|---|---|---|
r-devel-linux-x86_64-debian-clang | 5.1.10 | 39.92 | 51.43 | 91.35 | OK | |
r-devel-linux-x86_64-debian-gcc | 5.1.10 | 29.00 | 40.00 | 69.00 | OK | |
r-devel-linux-x86_64-fedora-clang | 5.1.10 | 216.95 | OK | |||
r-devel-linux-x86_64-fedora-gcc | 5.1.10 | 188.25 | OK | |||
r-devel-macos-arm64 | 5.1.10 | 69.00 | OK | |||
r-devel-macos-x86_64 | 5.1.10 | 136.00 | OK | |||
r-devel-windows-x86_64 | 5.1.10 | 148.00 | 100.00 | 248.00 | OK | |
r-patched-linux-x86_64 | 5.1.10 | 38.29 | 50.28 | 88.57 | NOTE | |
r-release-linux-x86_64 | 5.1.10 | 37.74 | 52.41 | 90.15 | NOTE | |
r-release-macos-arm64 | 5.1.10 | 52.00 | NOTE | |||
r-release-macos-x86_64 | 5.1.10 | 137.00 | NOTE | |||
r-release-windows-x86_64 | 5.1.10 | 155.00 | 116.00 | 271.00 | NOTE | |
r-oldrel-macos-arm64 | 5.1.9 | 68.00 | NOTE | |||
r-oldrel-macos-x86_64 | 5.1.10 | 119.00 | NOTE | |||
r-oldrel-windows-x86_64 | 5.1.10 | 157.00 | 117.00 | 274.00 | NOTE |
Version: 5.1.10
Check: for GNU extensions in Makefiles
Result: NOTE
GNU make is a SystemRequirements.
Flavors: r-patched-linux-x86_64, r-release-linux-x86_64, r-release-macos-arm64, r-release-macos-x86_64, r-release-windows-x86_64, r-oldrel-macos-x86_64, r-oldrel-windows-x86_64
Version: 5.1.9
Check: for GNU extensions in Makefiles
Result: NOTE
GNU make is a SystemRequirements.
Flavor: r-oldrel-macos-arm64