CRAN Package Check Results for Package RSmallTelescopes

Last updated on 2025-02-19 09:51:02 CET.

Flavor Version Tinstall Tcheck Ttotal Status Flags
r-devel-linux-x86_64-debian-clang 1.0.4 1.58 16.90 18.48 OK
r-devel-linux-x86_64-debian-gcc 1.0.4 1.31 14.10 15.41 OK
r-devel-linux-x86_64-fedora-clang 1.0.4 31.19 OK
r-devel-linux-x86_64-fedora-gcc 1.0.4 28.61 OK
r-devel-macos-arm64 1.0.4 13.00 OK
r-devel-macos-x86_64 1.0.4 30.00 OK
r-devel-windows-x86_64 1.0.4 2.00 35.00 37.00 OK
r-patched-linux-x86_64 1.0.4 1.68 16.11 17.79 NOTE
r-release-linux-x86_64 1.0.4 1.62 16.09 17.71 NOTE
r-release-macos-arm64 1.0.4 14.00 NOTE
r-release-macos-x86_64 1.0.4 18.00 NOTE
r-release-windows-x86_64 1.0.4 3.00 35.00 38.00 NOTE
r-oldrel-macos-arm64 1.0.4 14.00 NOTE
r-oldrel-macos-x86_64 1.0.4 19.00 NOTE
r-oldrel-windows-x86_64 1.0.4 3.00 34.00 37.00 NOTE

Check Details

Version: 1.0.4
Check: LazyData
Result: NOTE 'LazyData' is specified without a 'data' directory Flavors: r-patched-linux-x86_64, r-release-linux-x86_64, r-release-macos-arm64, r-release-macos-x86_64, r-release-windows-x86_64, r-oldrel-macos-arm64, r-oldrel-macos-x86_64, r-oldrel-windows-x86_64