Last updated on 2025-04-15 09:52:31 CEST.
Flavor | Version | Tinstall | Tcheck | Ttotal | Status | Flags |
---|---|---|---|---|---|---|
r-devel-linux-x86_64-debian-clang | 2.3.9 | 137.10 | 68.05 | 205.15 | OK | |
r-devel-linux-x86_64-debian-gcc | 2.3.9 | 128.85 | 50.66 | 179.51 | OK | |
r-devel-linux-x86_64-fedora-clang | 2.3.9 | 342.59 | OK | |||
r-devel-linux-x86_64-fedora-gcc | 2.3.9 | 449.21 | OK | |||
r-devel-windows-x86_64 | 2.3.9 | 210.00 | 117.00 | 327.00 | OK | |
r-patched-linux-x86_64 | 2.3.9 | 179.51 | 65.87 | 245.38 | OK | |
r-release-linux-x86_64 | 2.3.9 | 169.42 | 65.86 | 235.28 | OK | |
r-release-macos-arm64 | 2.3.9 | 119.00 | OK | |||
r-release-macos-x86_64 | 2.3.9 | 197.00 | OK | |||
r-release-windows-x86_64 | 2.3.9 | 217.00 | 118.00 | 335.00 | OK | |
r-oldrel-macos-arm64 | 2.3.9 | 103.00 | NOTE | |||
r-oldrel-macos-x86_64 | 2.3.9 | 175.00 | NOTE | |||
r-oldrel-windows-x86_64 | 2.3.9 | 252.00 | 141.00 | 393.00 | OK |
Version: 2.3.9
Check: installed package size
Result: NOTE
installed size is 12.5Mb
sub-directories of 1Mb or more:
libs 11.7Mb
Flavors: r-oldrel-macos-arm64, r-oldrel-macos-x86_64