CRAN Package Check Results for Package RProbSup

Last updated on 2025-02-18 09:50:49 CET.

Flavor Version Tinstall Tcheck Ttotal Status Flags
r-devel-linux-x86_64-debian-clang 3.0 3.03 30.22 33.25 OK
r-devel-linux-x86_64-debian-gcc 3.0 1.89 21.20 23.09 OK
r-devel-linux-x86_64-fedora-clang 3.0 56.26 OK
r-devel-linux-x86_64-fedora-gcc 3.0 52.62 OK
r-devel-macos-arm64 3.0 16.00 OK
r-devel-macos-x86_64 3.0 31.00 OK
r-devel-windows-x86_64 3.0 5.00 47.00 52.00 OK
r-patched-linux-x86_64 3.0 3.40 28.55 31.95 NOTE
r-release-linux-x86_64 3.0 3.03 28.95 31.98 NOTE
r-release-macos-arm64 3.0 16.00 NOTE
r-release-macos-x86_64 3.0 26.00 NOTE
r-release-windows-x86_64 3.0 5.00 47.00 52.00 NOTE
r-oldrel-macos-arm64 3.0 19.00 NOTE
r-oldrel-macos-x86_64 3.0 26.00 NOTE
r-oldrel-windows-x86_64 3.0 6.00 52.00 58.00 NOTE

Check Details

Version: 3.0
Check: LazyData
Result: NOTE 'LazyData' is specified without a 'data' directory Flavors: r-patched-linux-x86_64, r-release-linux-x86_64, r-release-macos-arm64, r-release-macos-x86_64, r-release-windows-x86_64, r-oldrel-macos-arm64, r-oldrel-macos-x86_64, r-oldrel-windows-x86_64