CRAN Package Check Results for Package ROI.plugin.cplex

Last updated on 2025-02-16 09:50:51 CET.

Flavor Version Tinstall Tcheck Ttotal Status Flags
r-devel-linux-x86_64-debian-clang 0.3-0 3.85 39.02 42.87 OK --no-tests
r-devel-linux-x86_64-debian-gcc 0.3-0 2.07 26.82 28.89 OK --no-tests
r-devel-macos-arm64 0.3-0 5.00 ERROR
r-devel-macos-x86_64 0.3-0 6.00 ERROR
r-patched-linux-x86_64 0.3-0 4.03 35.28 39.31 OK --no-tests
r-release-linux-x86_64 0.3-0 3.72 35.17 38.89 OK --no-tests
r-release-macos-arm64 0.3-0 10.00 ERROR
r-release-macos-x86_64 0.3-0 10.00 ERROR
r-release-windows-x86_64 0.3-0 1.00 4.00 5.00 ERROR
r-oldrel-macos-arm64 0.3-0 9.00 ERROR
r-oldrel-macos-x86_64 0.3-0 11.00 ERROR
r-oldrel-windows-x86_64 0.3-0 1.00 7.00 8.00 ERROR

Check Details

Version: 0.3-0
Check: package dependencies
Result: ERROR Package required but not available: ‘Rcplex’ See section ‘The DESCRIPTION file’ in the ‘Writing R Extensions’ manual. Flavors: r-devel-macos-arm64, r-devel-macos-x86_64, r-release-macos-arm64, r-release-macos-x86_64, r-release-windows-x86_64, r-oldrel-macos-arm64, r-oldrel-macos-x86_64, r-oldrel-windows-x86_64