CRAN Package Check Results for Package RGoogleAnalyticsPremium

Last updated on 2025-02-19 09:51:01 CET.

Flavor Version Tinstall Tcheck Ttotal Status Flags
r-devel-linux-x86_64-debian-clang 0.1.1 2.74 26.75 29.49 OK
r-devel-linux-x86_64-debian-gcc 0.1.1 2.24 21.07 23.31 OK
r-devel-linux-x86_64-fedora-clang 0.1.1 49.40 OK
r-devel-linux-x86_64-fedora-gcc 0.1.1 44.83 OK
r-devel-macos-arm64 0.1.1 19.00 OK
r-devel-macos-x86_64 0.1.1 40.00 OK
r-devel-windows-x86_64 0.1.1 5.00 46.00 51.00 OK
r-patched-linux-x86_64 0.1.1 2.62 25.52 28.14 NOTE
r-release-linux-x86_64 0.1.1 2.90 25.47 28.37 NOTE
r-release-macos-arm64 0.1.1 20.00 NOTE
r-release-macos-x86_64 0.1.1 26.00 NOTE
r-release-windows-x86_64 0.1.1 4.00 46.00 50.00 NOTE
r-oldrel-macos-arm64 0.1.1 19.00 NOTE
r-oldrel-macos-x86_64 0.1.1 25.00 NOTE
r-oldrel-windows-x86_64 0.1.1 5.00 86.00 91.00 NOTE

Check Details

Version: 0.1.1
Check: LazyData
Result: NOTE 'LazyData' is specified without a 'data' directory Flavors: r-patched-linux-x86_64, r-release-linux-x86_64, r-release-macos-arm64, r-release-macos-x86_64, r-release-windows-x86_64, r-oldrel-macos-arm64, r-oldrel-macos-x86_64, r-oldrel-windows-x86_64