CRAN Package Check Results for Package RESIDE

Last updated on 2025-07-12 09:49:28 CEST.

Flavor Version Tinstall Tcheck Ttotal Status Flags
r-devel-linux-x86_64-debian-clang 0.3.2 8.26 126.06 134.32 NOTE
r-devel-linux-x86_64-debian-gcc 0.3.2 5.63 78.54 84.17 NOTE
r-devel-linux-x86_64-fedora-clang 0.3.2 222.48 NOTE
r-devel-linux-x86_64-fedora-gcc 0.3.2 221.61 NOTE
r-devel-windows-x86_64 0.3.2 9.00 131.00 140.00 NOTE
r-patched-linux-x86_64 0.3.2 10.02 115.07 125.09 NOTE
r-release-linux-x86_64 0.3.2 7.11 118.02 125.13 NOTE
r-release-macos-arm64 0.3.2 65.00 NOTE
r-release-macos-x86_64 0.3.2 134.00 NOTE
r-release-windows-x86_64 0.3.2 10.00 133.00 143.00 NOTE
r-oldrel-macos-arm64 0.3.2 66.00 OK
r-oldrel-macos-x86_64 0.3.2 126.00 OK
r-oldrel-windows-x86_64 0.3.2 12.00 166.00 178.00 OK

Check Details

Version: 0.3.2
Check: DESCRIPTION meta-information
Result: NOTE Missing dependency on R >= 4.1.0 because package code uses the pipe |> or function shorthand \(...) syntax added in R 4.1.0. File(s) using such syntax: ‘to_df.R’ Flavors: r-devel-linux-x86_64-debian-clang, r-devel-linux-x86_64-debian-gcc, r-devel-linux-x86_64-fedora-clang, r-devel-linux-x86_64-fedora-gcc, r-devel-windows-x86_64, r-patched-linux-x86_64, r-release-linux-x86_64, r-release-macos-arm64, r-release-macos-x86_64, r-release-windows-x86_64