Last updated on 2025-02-16 09:50:51 CET.
Flavor | Version | Tinstall | Tcheck | Ttotal | Status | Flags |
---|---|---|---|---|---|---|
r-devel-linux-x86_64-debian-clang | 0.90.5 | 2.42 | 29.55 | 31.97 | NOTE | |
r-devel-linux-x86_64-debian-gcc | 0.90.5 | 1.76 | 22.61 | 24.37 | NOTE | |
r-devel-linux-x86_64-fedora-clang | 0.90.5 | 52.46 | OK | |||
r-devel-linux-x86_64-fedora-gcc | 0.90.5 | 47.35 | OK | |||
r-devel-macos-arm64 | 0.90.5 | 21.00 | OK | |||
r-devel-macos-x86_64 | 0.90.5 | 35.00 | OK | |||
r-devel-windows-x86_64 | 0.90.5 | 3.00 | 52.00 | 55.00 | NOTE | |
r-patched-linux-x86_64 | 0.90.5 | 2.65 | 28.67 | 31.32 | OK | |
r-release-linux-x86_64 | 0.90.5 | 2.01 | 27.96 | 29.97 | OK | |
r-release-macos-arm64 | 0.90.5 | 20.00 | OK | |||
r-release-macos-x86_64 | 0.90.5 | 29.00 | OK | |||
r-release-windows-x86_64 | 0.90.5 | 3.00 | 53.00 | 56.00 | OK | |
r-oldrel-macos-arm64 | 0.90.5 | 22.00 | OK | |||
r-oldrel-macos-x86_64 | 0.90.5 | 41.00 | OK | |||
r-oldrel-windows-x86_64 | 0.90.5 | 4.00 | 83.00 | 87.00 | OK |
Version: 0.90.5
Check: Rd cross-references
Result: NOTE
Found the following Rd file(s) with Rd \link{} targets missing package
anchors:
AutoCorrelationLRtest.Rd: corClasses
REEMtree.Rd: corClasses, rpart, nlme
REEMtree.object.Rd: rpart, nlme
plot.Rd: plot.rpart
predict.Rd: predict.nlme, predict.rpart
print.Rd: print.rpart
tree.Rd: rpart.object
Please provide package anchors for all Rd \link{} targets not in the
package itself and the base packages.
Flavors: r-devel-linux-x86_64-debian-clang, r-devel-linux-x86_64-debian-gcc, r-devel-windows-x86_64