Last updated on 2025-04-15 09:52:30 CEST.
Flavor | Version | Tinstall | Tcheck | Ttotal | Status | Flags |
---|---|---|---|---|---|---|
r-devel-linux-x86_64-debian-clang | 2.56 | 10.18 | 102.23 | 112.41 | NOTE | |
r-devel-linux-x86_64-debian-gcc | 2.56 | 6.33 | 76.62 | 82.95 | NOTE | |
r-devel-windows-x86_64 | 2.56 | 10.00 | 173.00 | 183.00 | OK | |
r-patched-linux-x86_64 | 2.56 | 11.18 | 99.17 | 110.35 | NOTE | |
r-release-linux-x86_64 | 2.56 | 9.88 | 99.64 | 109.52 | NOTE | |
r-release-macos-arm64 | 2.56 | 81.00 | OK | |||
r-release-macos-x86_64 | 2.56 | 130.00 | OK | |||
r-release-windows-x86_64 | 2.56 | 10.00 | 173.00 | 183.00 | OK | |
r-oldrel-macos-arm64 | 2.56 | 77.00 | OK | |||
r-oldrel-macos-x86_64 | 2.56 | 208.00 | OK | |||
r-oldrel-windows-x86_64 | 2.56 | 15.00 | 222.00 | 237.00 | OK |
Version: 2.56
Check: for unstated dependencies in ‘demo’
Result: NOTE
'library' or 'require' call not declared from: ‘deconvolveR’
Flavors: r-devel-linux-x86_64-debian-clang, r-devel-linux-x86_64-debian-gcc, r-patched-linux-x86_64, r-release-linux-x86_64