CRAN Package Check Results for Package RCA

Last updated on 2025-07-13 09:49:49 CEST.

Flavor Version Tinstall Tcheck Ttotal Status Flags
r-devel-linux-x86_64-debian-clang 2.0 2.65 27.11 29.76 NOTE
r-devel-linux-x86_64-debian-gcc 2.0 2.08 21.15 23.23 NOTE
r-devel-linux-x86_64-fedora-clang 2.0 46.91 OK
r-devel-linux-x86_64-fedora-gcc 2.0 44.19 OK
r-devel-windows-x86_64 2.0 4.00 50.00 54.00 OK
r-patched-linux-x86_64 2.0 2.66 25.73 28.39 OK
r-release-linux-x86_64 2.0 2.44 25.80 28.24 OK
r-release-macos-arm64 2.0 21.00 OK
r-release-macos-x86_64 2.0 29.00 OK
r-release-windows-x86_64 2.0 4.00 48.00 52.00 OK
r-oldrel-macos-arm64 2.0 19.00 OK
r-oldrel-macos-x86_64 2.0 28.00 OK
r-oldrel-windows-x86_64 2.0 5.00 52.00 57.00 OK

Check Details

Version: 2.0
Check: CRAN incoming feasibility
Result: NOTE Maintainer: ‘Amir Goldberg <amirgo@stanford.edu>’ No Authors@R field in DESCRIPTION. Please add one, modifying Authors@R: c(person(given = "Amir", family = "Goldberg", role = c("aut", "cre"), email = "amirgo@stanford.edu"), person(given = c("Sarah", "K."), family = "Stein", role = "aut")) as necessary. Flavors: r-devel-linux-x86_64-debian-clang, r-devel-linux-x86_64-debian-gcc