Last updated on 2025-02-16 09:50:50 CET.
Flavor | Version | Tinstall | Tcheck | Ttotal | Status | Flags |
---|---|---|---|---|---|---|
r-devel-linux-x86_64-debian-clang | 0.2-3 | 13.70 | 70.24 | 83.94 | NOTE | |
r-devel-linux-x86_64-debian-gcc | 0.2-3 | 10.55 | 53.47 | 64.02 | NOTE | |
r-devel-linux-x86_64-fedora-clang | 0.2-3 | 138.51 | NOTE | |||
r-devel-linux-x86_64-fedora-gcc | 0.2-3 | 142.15 | NOTE | |||
r-devel-macos-arm64 | 0.2-3 | 50.00 | OK | |||
r-devel-macos-x86_64 | 0.2-3 | 94.00 | OK | |||
r-devel-windows-x86_64 | 0.2-3 | 29.00 | 105.00 | 134.00 | OK | |
r-patched-linux-x86_64 | 0.2-3 | 11.57 | 65.92 | 77.49 | OK | |
r-release-linux-x86_64 | 0.2-3 | 11.16 | 65.66 | 76.82 | OK | |
r-release-macos-arm64 | 0.2-3 | 50.00 | OK | |||
r-release-macos-x86_64 | 0.2-3 | 69.00 | OK | |||
r-release-windows-x86_64 | 0.2-3 | 31.00 | 107.00 | 138.00 | OK | |
r-oldrel-macos-arm64 | 0.2-3 | 58.00 | OK | |||
r-oldrel-macos-x86_64 | 0.2-3 | 115.00 | OK | |||
r-oldrel-windows-x86_64 | 0.2-3 | 30.00 | 138.00 | 168.00 | OK |
Version: 0.2-3
Check: top-level files
Result: NOTE
possible bashism in configure.ac line 29 (test -a/-o):
if test "X$echo_ok" = "Xyes" -a "X$grep_ok" = "Xyes"; then
possible bashism in configure.ac line 62 (test -a/-o):
if test "X$ls_ok" = "Xyes" -a "X$sed_ok" = "Xyes" -a "X$grep_ok" = "Xyes"; then
Flavors: r-devel-linux-x86_64-debian-clang, r-devel-linux-x86_64-debian-gcc, r-devel-linux-x86_64-fedora-clang, r-devel-linux-x86_64-fedora-gcc