CRAN Package Check Results for Package PowerNormal

Last updated on 2025-02-16 09:50:49 CET.

Flavor Version Tinstall Tcheck Ttotal Status Flags
r-devel-linux-x86_64-debian-clang 1.2.0 1.74 18.08 19.82 NOTE
r-devel-linux-x86_64-debian-gcc 1.2.0 1.45 15.34 16.79 NOTE
r-devel-linux-x86_64-fedora-clang 1.2.0 33.89 OK
r-devel-linux-x86_64-fedora-gcc 1.2.0 30.43 OK
r-devel-macos-arm64 1.2.0 15.00 OK
r-devel-macos-x86_64 1.2.0 26.00 OK
r-devel-windows-x86_64 1.2.0 3.00 46.00 49.00 NOTE
r-patched-linux-x86_64 1.2.0 2.00 17.36 19.36 OK
r-release-linux-x86_64 1.2.0 1.78 17.48 19.26 OK
r-release-macos-arm64 1.2.0 14.00 OK
r-release-macos-x86_64 1.2.0 21.00 OK
r-release-windows-x86_64 1.2.0 3.00 45.00 48.00 OK
r-oldrel-macos-arm64 1.2.0 15.00 OK
r-oldrel-macos-x86_64 1.2.0 22.00 OK
r-oldrel-windows-x86_64 1.2.0 3.00 44.00 47.00 OK

Check Details

Version: 1.2.0
Check: Rd cross-references
Result: NOTE Found the following Rd file(s) with Rd \link{} targets missing package anchors: pn.hist.Rd: histogram Please provide package anchors for all Rd \link{} targets not in the package itself and the base packages. Flavors: r-devel-linux-x86_64-debian-clang, r-devel-linux-x86_64-debian-gcc, r-devel-windows-x86_64