Last updated on 2025-02-06 09:52:38 CET.
Flavor | Version | Tinstall | Tcheck | Ttotal | Status | Flags |
---|---|---|---|---|---|---|
r-devel-linux-x86_64-debian-clang | 0.4.3 | 18.44 | 335.32 | 353.76 | NOTE | |
r-devel-linux-x86_64-debian-gcc | 0.4.3 | 12.57 | 210.35 | 222.92 | NOTE | |
r-devel-linux-x86_64-fedora-clang | 0.4.3 | 575.36 | NOTE | |||
r-devel-linux-x86_64-fedora-gcc | 0.4.3 | 567.97 | NOTE | |||
r-devel-windows-x86_64 | 0.4.3 | 20.00 | 291.00 | 311.00 | NOTE | |
r-patched-linux-x86_64 | 0.4.3 | 20.83 | 305.22 | 326.05 | NOTE | |
r-release-linux-x86_64 | 0.4.3 | 16.94 | 304.75 | 321.69 | NOTE | |
r-release-macos-arm64 | 0.4.3 | 129.00 | NOTE | |||
r-release-macos-x86_64 | 0.4.3 | 210.00 | NOTE | |||
r-release-windows-x86_64 | 0.4.3 | 18.00 | 289.00 | 307.00 | NOTE | |
r-oldrel-macos-arm64 | 0.4.3 | 126.00 | OK | |||
r-oldrel-macos-x86_64 | 0.4.3 | 432.00 | OK | |||
r-oldrel-windows-x86_64 | 0.4.3 | 25.00 | 385.00 | 410.00 | OK |
Version: 0.4.3
Check: Rd files
Result: NOTE
checkRd: (-1) adjacency.Rd:27: Lost braces; missing escapes or markup?
27 | item j. For example, in the ranking \\{1\\} > \\{3, 4\\} > \\{2\\},
| ^
checkRd: (-1) adjacency.Rd:27: Lost braces; missing escapes or markup?
27 | item j. For example, in the ranking \\{1\\} > \\{3, 4\\} > \\{2\\},
| ^
checkRd: (-1) adjacency.Rd:27: Lost braces; missing escapes or markup?
27 | item j. For example, in the ranking \\{1\\} > \\{3, 4\\} > \\{2\\},
| ^
checkRd: (-1) rankings.Rd:127: Lost braces; missing escapes or markup?
127 | rank skipped. For example {1, 0, 2, 1}, ranks the first and fourth items in
| ^
Flavors: r-devel-linux-x86_64-debian-clang, r-devel-linux-x86_64-debian-gcc, r-devel-linux-x86_64-fedora-clang, r-devel-linux-x86_64-fedora-gcc, r-devel-windows-x86_64, r-patched-linux-x86_64, r-release-linux-x86_64, r-release-macos-arm64, r-release-macos-x86_64, r-release-windows-x86_64
Version: 0.4.3
Check: Rd cross-references
Result: NOTE
Found the following Rd file(s) with Rd \link{} targets missing package
anchors:
pltree.Rd: mob
qvcalc.PlackettLuce.Rd: worstErrors, plot.qv
Please provide package anchors for all Rd \link{} targets not in the
package itself and the base packages.
Flavors: r-devel-linux-x86_64-debian-clang, r-devel-linux-x86_64-debian-gcc, r-devel-windows-x86_64