Last updated on 2025-02-16 09:50:48 CET.
Flavor | Version | Tinstall | Tcheck | Ttotal | Status | Flags |
---|---|---|---|---|---|---|
r-devel-linux-x86_64-debian-clang | 1.5 | 46.78 | 354.29 | 401.07 | OK | |
r-devel-linux-x86_64-debian-gcc | 1.5 | 35.83 | 272.83 | 308.66 | OK | |
r-devel-linux-x86_64-fedora-clang | 1.5 | 677.21 | OK | |||
r-devel-linux-x86_64-fedora-gcc | 1.5 | 730.11 | OK | |||
r-devel-macos-arm64 | 1.5 | 5.00 | ERROR | |||
r-devel-macos-x86_64 | 1.5 | 416.00 | OK | |||
r-devel-windows-x86_64 | 1.5 | 32.00 | 286.00 | 318.00 | OK | |
r-patched-linux-x86_64 | 1.5 | 41.78 | 331.77 | 373.55 | OK | |
r-release-linux-x86_64 | 1.5 | 40.56 | 333.82 | 374.38 | OK | |
r-release-macos-arm64 | 1.5 | 322.00 | OK | |||
r-release-macos-x86_64 | 1.5 | 290.00 | OK | |||
r-release-windows-x86_64 | 1.5 | 33.00 | 293.00 | 326.00 | OK | |
r-oldrel-macos-arm64 | 1.5 | 174.00 | OK | |||
r-oldrel-macos-x86_64 | 1.5 | 449.00 | OK | |||
r-oldrel-windows-x86_64 | 1.5 | 45.00 | 360.00 | 405.00 | OK |
Version: 1.5
Check: package dependencies
Result: ERROR
Package required but not available: ‘jetset’
See section ‘The DESCRIPTION file’ in the ‘Writing R Extensions’
manual.
Flavor: r-devel-macos-arm64