Last updated on 2025-02-11 09:48:33 CET.
Flavor | Version | Tinstall | Tcheck | Ttotal | Status | Flags |
---|---|---|---|---|---|---|
r-devel-linux-x86_64-debian-clang | 3.2-6 | 87.80 | 29.07 | 116.87 | OK | |
r-devel-linux-x86_64-debian-gcc | 3.2-6 | 77.48 | 23.74 | 101.22 | OK | |
r-devel-linux-x86_64-fedora-clang | 3.2-6 | 253.69 | NOTE | |||
r-devel-linux-x86_64-fedora-gcc | 3.2-6 | 296.63 | NOTE | |||
r-devel-windows-x86_64 | 3.2-6 | 119.00 | 71.00 | 190.00 | OK | |
r-patched-linux-x86_64 | 3.2-6 | 116.00 | 28.31 | 144.31 | OK | |
r-release-linux-x86_64 | 3.2-6 | 115.97 | 28.68 | 144.65 | OK | |
r-release-macos-arm64 | 3.2-6 | 56.00 | NOTE | |||
r-release-macos-x86_64 | 3.2-6 | 54.00 | NOTE | |||
r-release-windows-x86_64 | 3.2-6 | 116.00 | 68.00 | 184.00 | OK | |
r-oldrel-macos-arm64 | 3.2-6 | 58.00 | NOTE | |||
r-oldrel-macos-x86_64 | 3.2-6 | 64.00 | NOTE | |||
r-oldrel-windows-x86_64 | 3.2-6 | 123.00 | 86.00 | 209.00 | OK |
Version: 3.2-6
Check: dependencies in R code
Result: NOTE
Namespace in Imports field not imported from: ‘Matrix’
All declared Imports should be used.
Flavors: r-devel-linux-x86_64-fedora-clang, r-devel-linux-x86_64-fedora-gcc
Version: 3.2-6
Check: installed package size
Result: NOTE
installed size is 7.0Mb
sub-directories of 1Mb or more:
libs 6.8Mb
Flavors: r-release-macos-arm64, r-release-macos-x86_64, r-oldrel-macos-arm64, r-oldrel-macos-x86_64