Last updated on 2025-02-16 09:50:48 CET.
Flavor | Version | Tinstall | Tcheck | Ttotal | Status | Flags |
---|---|---|---|---|---|---|
r-devel-linux-x86_64-debian-clang | 0.2-10 | 3.39 | 23.00 | 26.39 | NOTE | |
r-devel-linux-x86_64-debian-gcc | 0.2-10 | 2.68 | 18.06 | 20.74 | NOTE | |
r-devel-linux-x86_64-fedora-clang | 0.2-10 | 39.62 | NOTE | |||
r-devel-linux-x86_64-fedora-gcc | 0.2-10 | 35.19 | NOTE | |||
r-devel-macos-arm64 | 0.2-10 | 17.00 | NOTE | |||
r-devel-macos-x86_64 | 0.2-10 | 26.00 | NOTE | |||
r-patched-linux-x86_64 | 0.2-10 | 3.52 | 22.59 | 26.11 | NOTE | |
r-release-linux-x86_64 | 0.2-10 | 3.20 | 22.29 | 25.49 | NOTE | |
r-release-macos-arm64 | 0.2-10 | 16.00 | NOTE | |||
r-release-macos-x86_64 | 0.2-10 | 21.00 | NOTE | |||
r-release-windows-x86_64 | 0.2-10 | 18.00 | 42.00 | 60.00 | NOTE | |
r-oldrel-macos-arm64 | 0.2-10 | 21.00 | NOTE | |||
r-oldrel-macos-x86_64 | 0.2-10 | 34.00 | NOTE | |||
r-oldrel-windows-x86_64 | 0.2-10 | 19.00 | 31.00 | 50.00 | NOTE |
Version: 0.2-10
Check: DESCRIPTION meta-information
Result: NOTE
License stub is invalid DCF.
Flavors: r-devel-linux-x86_64-debian-clang, r-devel-linux-x86_64-debian-gcc, r-devel-macos-arm64, r-devel-macos-x86_64, r-patched-linux-x86_64, r-release-linux-x86_64, r-release-macos-arm64, r-release-macos-x86_64
Version: 0.2-10
Check: tests
Result: NOTE
Running ‘buffer.R’ [0s/1s]
Comparing ‘buffer.Rout’ to ‘buffer.Rout.save’ ...5,10d4
< >
< > if (!length(oclPlatforms())) {
< + cat("== Cannot run tests as there is no platform")
< + q("no")
< + }
< >
Running ‘kernel.R’ [3s/5s]
Comparing ‘kernel.Rout’ to ‘kernel.Rout.save’ ...5,10d4
< >
< > if (!length(oclPlatforms())) {
< + cat("== Cannot run tests as there is no platform")
< + q("no")
< + }
< >
Flavor: r-devel-linux-x86_64-debian-clang
Version: 0.2-10
Check: tests
Result: NOTE
Running ‘buffer.R’ [0s/1s]
Comparing ‘buffer.Rout’ to ‘buffer.Rout.save’ ...5,10d4
< >
< > if (!length(oclPlatforms())) {
< + cat("== Cannot run tests as there is no platform")
< + q("no")
< + }
< >
Running ‘kernel.R’ [2s/3s]
Comparing ‘kernel.Rout’ to ‘kernel.Rout.save’ ...5,10d4
< >
< > if (!length(oclPlatforms())) {
< + cat("== Cannot run tests as there is no platform")
< + q("no")
< + }
< >
Flavor: r-devel-linux-x86_64-debian-gcc
Version: 0.2-10
Check: DESCRIPTION meta-information
Result: NOTE
Licence stub is invalid DCF.
Flavors: r-devel-linux-x86_64-fedora-clang, r-devel-linux-x86_64-fedora-gcc
Version: 0.2-10
Check: tests
Result: NOTE
Running ‘buffer.R’
Comparing ‘buffer.Rout’ to ‘buffer.Rout.save’ ...5,10d4
< >
< > if (!length(oclPlatforms())) {
< + cat("== Cannot run tests as there is no platform")
< + q("no")
< + }
< >
Running ‘kernel.R’
Comparing ‘kernel.Rout’ to ‘kernel.Rout.save’ ...5,10d4
< >
< > if (!length(oclPlatforms())) {
< + cat("== Cannot run tests as there is no platform")
< + q("no")
< + }
< >
Flavors: r-devel-linux-x86_64-fedora-clang, r-devel-linux-x86_64-fedora-gcc
Version: 0.2-10
Check: tests
Result: NOTE
Running ‘buffer.R’ [0s/0s]
Comparing ‘buffer.Rout’ to ‘buffer.Rout.save’ ...5,10d4
< >
< > if (!length(oclPlatforms())) {
< + cat("== Cannot run tests as there is no platform")
< + q("no")
< + }
< >
77c71
< OpenCL buffer, 16 elements of type single
---
> OpenCL buffer, 16 elements of type double
79c73
< [9] 3.316625 3.464102 3.605551 3.741657 3.872983 4.000000 4.123106 4.242640
---
> [9] 3.316625 3.464102 3.605551 3.741657 3.872983 4.000000 4.123106 4.242641
Running ‘kernel.R’ [0s/0s]
Comparing ‘kernel.Rout’ to ‘kernel.Rout.save’ ...5,10d4
< >
< > if (!length(oclPlatforms())) {
< + cat("== Cannot run tests as there is no platform")
< + q("no")
< + }
< >
29c23
< OpenCL buffer, 16 elements of type single
---
> OpenCL buffer, 16 elements of type double
32,35c26,27
< OpenCL buffer, 16 elements of type single
< [1] 1.00000 4.00000 9.00000 16.00000 25.00000 36.00001 48.99999
< [8] 63.99999 81.00000 100.00000 121.00002 144.00000 169.00000 196.00003
< [15] 225.00003 256.00000
---
> OpenCL buffer, 16 elements of type double
> [1] 1 4 9 16 25 36 49 64 81 100 121 144 169 196 225 256
42c34
< OpenCL buffer, 16 elements of type single
---
> OpenCL buffer, 16 elements of type double
Flavor: r-devel-macos-arm64
Version: 0.2-10
Check: tests
Result: NOTE
Running ‘buffer.R’ [0s/0s]
Comparing ‘buffer.Rout’ to ‘buffer.Rout.save’ ...5,10d4
< >
< > if (!length(oclPlatforms())) {
< + cat("== Cannot run tests as there is no platform")
< + q("no")
< + }
< >
77c71
< OpenCL buffer, 16 elements of type single
---
> OpenCL buffer, 16 elements of type double
79c73
< [9] 3.316625 3.464102 3.605551 3.741657 3.872983 4.000000 4.123106 4.242640
---
> [9] 3.316625 3.464102 3.605551 3.741657 3.872983 4.000000 4.123106 4.242641
Running ‘kernel.R’ [0s/1s]
Comparing ‘kernel.Rout’ to ‘kernel.Rout.save’ ...5,10d4
< >
< > if (!length(oclPlatforms())) {
< + cat("== Cannot run tests as there is no platform")
< + q("no")
< + }
< >
29c23
< OpenCL buffer, 16 elements of type single
---
> OpenCL buffer, 16 elements of type double
32,35c26,27
< OpenCL buffer, 16 elements of type single
< [1] 1.00000 4.00000 9.00000 16.00000 25.00000 36.00001 48.99999
< [8] 63.99999 81.00000 100.00000 121.00002 144.00000 169.00000 196.00003
< [15] 225.00003 256.00000
---
> OpenCL buffer, 16 elements of type double
> [1] 1 4 9 16 25 36 49 64 81 100 121 144 169 196 225 256
42c34
< OpenCL buffer, 16 elements of type single
---
> OpenCL buffer, 16 elements of type double
Flavor: r-devel-macos-x86_64
Version: 0.2-10
Check: for GNU extensions in Makefiles
Result: NOTE
GNU make is a SystemRequirements.
Flavors: r-patched-linux-x86_64, r-release-linux-x86_64, r-release-macos-arm64, r-release-macos-x86_64, r-release-windows-x86_64, r-oldrel-macos-arm64, r-oldrel-macos-x86_64, r-oldrel-windows-x86_64