CRAN Package Check Results for Package OSCV

Last updated on 2025-05-09 09:51:48 CEST.

Flavor Version Tinstall Tcheck Ttotal Status Flags
r-devel-linux-x86_64-debian-clang 1.0 8.45 50.83 59.28 NOTE
r-devel-linux-x86_64-debian-gcc 1.0 4.95 36.52 41.47 NOTE
r-devel-linux-x86_64-fedora-clang 1.0 84.94 OK
r-devel-linux-x86_64-fedora-gcc 1.0 87.73 OK
r-devel-windows-x86_64 1.0 10.00 68.00 78.00 OK
r-patched-linux-x86_64 1.0 8.06 47.22 55.28 OK
r-release-linux-x86_64 1.0 6.00 47.78 53.78 OK
r-release-macos-arm64 1.0 27.00 OK
r-release-macos-x86_64 1.0 44.00 OK
r-release-windows-x86_64 1.0 9.00 70.00 79.00 OK
r-oldrel-macos-arm64 1.0 27.00 NOTE
r-oldrel-macos-x86_64 1.0 38.00 NOTE
r-oldrel-windows-x86_64 1.0 11.00 80.00 91.00 NOTE

Check Details

Version: 1.0
Check: CRAN incoming feasibility
Result: NOTE Maintainer: ‘Olga Savchuk <olga.y.savchuk@gmail.com>’ No Authors@R field in DESCRIPTION. Please add one, modifying Authors@R: person(given = "Olga", family = "Savchuk", role = c("aut", "cre"), email = "olga.y.savchuk@gmail.com") as necessary. The Description field contains functions, <arXiv:1703.05157>. Please refer to arXiv e-prints via their arXiv DOI <doi:10.48550/arXiv.YYMM.NNNNN>. Flavors: r-devel-linux-x86_64-debian-clang, r-devel-linux-x86_64-debian-gcc

Version: 1.0
Check: LazyData
Result: NOTE 'LazyData' is specified without a 'data' directory Flavors: r-oldrel-macos-arm64, r-oldrel-macos-x86_64, r-oldrel-windows-x86_64