CRAN Package Check Results for Package NetInt

Last updated on 2025-02-16 09:50:47 CET.

Flavor Version Tinstall Tcheck Ttotal Status Flags
r-devel-linux-x86_64-debian-clang 1.0.0 1.85 18.55 20.40 OK
r-devel-linux-x86_64-debian-gcc 1.0.0 1.44 15.27 16.71 OK
r-devel-linux-x86_64-fedora-clang 1.0.0 34.81 NOTE
r-devel-linux-x86_64-fedora-gcc 1.0.0 31.44 NOTE
r-devel-macos-arm64 1.0.0 16.00 OK
r-devel-macos-x86_64 1.0.0 25.00 OK
r-devel-windows-x86_64 1.0.0 3.00 41.00 44.00 OK
r-patched-linux-x86_64 1.0.0 1.82 17.75 19.57 OK
r-release-linux-x86_64 1.0.0 1.81 17.83 19.64 OK
r-release-macos-arm64 1.0.0 17.00 OK
r-release-macos-x86_64 1.0.0 23.00 OK
r-release-windows-x86_64 1.0.0 3.00 43.00 46.00 OK
r-oldrel-macos-arm64 1.0.0 17.00 OK
r-oldrel-macos-x86_64 1.0.0 23.00 OK
r-oldrel-windows-x86_64 1.0.0 3.00 50.00 53.00 OK

Check Details

Version: 1.0.0
Check: dependencies in R code
Result: NOTE Namespace in Imports field not imported from: ‘mathjaxr’ All declared Imports should be used. Flavors: r-devel-linux-x86_64-fedora-clang, r-devel-linux-x86_64-fedora-gcc