Last updated on 2025-02-18 09:50:45 CET.
Flavor | Version | Tinstall | Tcheck | Ttotal | Status | Flags |
---|---|---|---|---|---|---|
r-devel-linux-x86_64-debian-clang | 0.4.0 | 11.44 | 89.43 | 100.87 | NOTE | |
r-devel-linux-x86_64-debian-gcc | 0.4.0 | 7.24 | 62.53 | 69.77 | NOTE | |
r-devel-linux-x86_64-fedora-clang | 0.4.0 | 169.08 | NOTE | |||
r-devel-linux-x86_64-fedora-gcc | 0.4.0 | 164.79 | NOTE | |||
r-devel-macos-arm64 | 0.4.0 | 46.00 | NOTE | |||
r-devel-macos-x86_64 | 0.4.0 | 89.00 | NOTE | |||
r-devel-windows-x86_64 | 0.4.0 | 10.00 | 102.00 | 112.00 | NOTE | |
r-patched-linux-x86_64 | 0.4.0 | 9.12 | 87.70 | 96.82 | NOTE | |
r-release-linux-x86_64 | 0.4.0 | 10.21 | 86.48 | 96.69 | NOTE | |
r-release-macos-arm64 | 0.4.0 | 45.00 | NOTE | |||
r-release-macos-x86_64 | 0.4.0 | 69.00 | NOTE | |||
r-release-windows-x86_64 | 0.4.0 | 11.00 | 104.00 | 115.00 | NOTE | |
r-oldrel-macos-arm64 | 0.4.0 | 49.00 | OK | |||
r-oldrel-macos-x86_64 | 0.4.0 | 85.00 | OK | |||
r-oldrel-windows-x86_64 | 0.4.0 | 16.00 | 151.00 | 167.00 | OK |
Version: 0.4.0
Check: Rd files
Result: NOTE
checkRd: (-1) NSAE.Rd:14: Lost braces; missing escapes or markup?
14 | {Maintainer}: Saurav Guha \email{saurav.iasri@gmail.com}
| ^
Flavors: r-devel-linux-x86_64-debian-clang, r-devel-linux-x86_64-debian-gcc, r-devel-linux-x86_64-fedora-clang, r-devel-linux-x86_64-fedora-gcc, r-devel-macos-arm64, r-devel-macos-x86_64, r-devel-windows-x86_64, r-patched-linux-x86_64, r-release-linux-x86_64, r-release-macos-arm64, r-release-macos-x86_64, r-release-windows-x86_64