Last updated on 2025-05-16 09:51:36 CEST.
Flavor | Version | Tinstall | Tcheck | Ttotal | Status | Flags |
---|---|---|---|---|---|---|
r-devel-linux-x86_64-debian-clang | 1.0.1 | 6.35 | 50.47 | 56.82 | NOTE | |
r-devel-linux-x86_64-debian-gcc | 1.0.1 | 4.55 | 35.81 | 40.36 | NOTE | |
r-devel-linux-x86_64-fedora-clang | 1.0.1 | 88.94 | OK | |||
r-devel-linux-x86_64-fedora-gcc | 1.0.1 | 87.44 | OK | |||
r-devel-windows-x86_64 | 1.0.1 | 8.00 | 65.00 | 73.00 | OK | |
r-patched-linux-x86_64 | 1.0.1 | 5.88 | 47.05 | 52.93 | OK | |
r-release-linux-x86_64 | 1.0.1 | 5.60 | 47.40 | 53.00 | OK | |
r-release-macos-arm64 | 1.0.1 | 26.00 | OK | |||
r-release-macos-x86_64 | 1.0.1 | 53.00 | OK | |||
r-release-windows-x86_64 | 1.0.1 | 9.00 | 65.00 | 74.00 | OK | |
r-oldrel-macos-arm64 | 1.0.1 | 25.00 | OK | |||
r-oldrel-macos-x86_64 | 1.0.1 | 47.00 | OK | |||
r-oldrel-windows-x86_64 | 1.0.1 | 10.00 | 77.00 | 87.00 | OK |
Version: 1.0.1
Check: CRAN incoming feasibility
Result: NOTE
Maintainer: ‘Peifeng Ruan <pruan12@fudan.edu.cn>’
No Authors@R field in DESCRIPTION.
Please add one, modifying
Authors@R: person(given = "Peifeng",
family = "Ruan",
role = c("aut", "cre"),
email = "pruan12@fudan.edu.cn")
as necessary.
Flavors: r-devel-linux-x86_64-debian-clang, r-devel-linux-x86_64-debian-gcc