Last updated on 2025-02-06 09:52:36 CET.
Flavor | Version | Tinstall | Tcheck | Ttotal | Status | Flags |
---|---|---|---|---|---|---|
r-devel-linux-x86_64-debian-clang | 1.0 | 32.10 | 235.89 | 267.99 | OK | |
r-devel-linux-x86_64-debian-gcc | 1.0 | 26.27 | 170.47 | 196.74 | OK | |
r-devel-linux-x86_64-fedora-clang | 1.0 | 451.10 | NOTE | |||
r-devel-linux-x86_64-fedora-gcc | 1.0 | 405.99 | NOTE | |||
r-devel-windows-x86_64 | 1.0 | 24.00 | 223.00 | 247.00 | OK | |
r-patched-linux-x86_64 | 1.0 | 34.78 | 226.72 | 261.50 | OK | |
r-release-linux-x86_64 | 1.0 | 32.73 | 224.29 | 257.02 | OK | |
r-release-macos-arm64 | 1.0 | 103.00 | OK | |||
r-release-macos-x86_64 | 1.0 | 156.00 | OK | |||
r-release-windows-x86_64 | 1.0 | 25.00 | 220.00 | 245.00 | OK | |
r-oldrel-macos-arm64 | 1.0 | 102.00 | OK | |||
r-oldrel-macos-x86_64 | 1.0 | 169.00 | OK | |||
r-oldrel-windows-x86_64 | 1.0 | 33.00 | 275.00 | 308.00 | OK |
Version: 1.0
Check: dependencies in R code
Result: NOTE
Namespace in Imports field not imported from: ‘magick’
All declared Imports should be used.
Flavors: r-devel-linux-x86_64-fedora-clang, r-devel-linux-x86_64-fedora-gcc