Last updated on 2025-05-08 09:54:05 CEST.
Flavor | Version | Tinstall | Tcheck | Ttotal | Status | Flags |
---|---|---|---|---|---|---|
r-devel-linux-x86_64-debian-clang | 1.1.0 | 21.57 | 151.34 | 172.91 | NOTE | |
r-devel-linux-x86_64-debian-gcc | 1.1.0 | 15.01 | 99.94 | 114.95 | NOTE | |
r-devel-linux-x86_64-fedora-clang | 1.1.0 | 265.13 | OK | |||
r-devel-linux-x86_64-fedora-gcc | 1.1.0 | 264.78 | OK | |||
r-devel-windows-x86_64 | 1.1.0 | 23.00 | 145.00 | 168.00 | NOTE | |
r-patched-linux-x86_64 | 1.1.0 | 21.41 | 139.81 | 161.22 | NOTE | |
r-release-linux-x86_64 | 1.1.0 | 21.37 | 140.67 | 162.04 | NOTE | |
r-release-macos-arm64 | 1.1.0 | 67.00 | OK | |||
r-release-macos-x86_64 | 1.1.0 | 135.00 | OK | |||
r-release-windows-x86_64 | 1.1.0 | 24.00 | 143.00 | 167.00 | NOTE | |
r-oldrel-macos-arm64 | 1.1.0 | 68.00 | OK | |||
r-oldrel-macos-x86_64 | 1.1.0 | 100.00 | OK | |||
r-oldrel-windows-x86_64 | 1.1.0 | 32.00 | 186.00 | 218.00 | OK |
Version: 1.1.0
Check: Rd cross-references
Result: NOTE
Found the following Rd file(s) with Rd \link{} targets missing package
anchors:
kdeem.Rd: ucminf
mixregPvary.Rd: regmixEM
Please provide package anchors for all Rd \link{} targets not in the
package itself and the base packages.
Flavors: r-devel-linux-x86_64-debian-clang, r-devel-linux-x86_64-debian-gcc, r-devel-windows-x86_64, r-patched-linux-x86_64, r-release-linux-x86_64, r-release-windows-x86_64