Last updated on 2025-02-06 09:52:35 CET.
Flavor | Version | Tinstall | Tcheck | Ttotal | Status | Flags |
---|---|---|---|---|---|---|
r-devel-linux-x86_64-debian-clang | 0.1.1 | 6.00 | 45.43 | 51.43 | NOTE | |
r-devel-linux-x86_64-debian-gcc | 0.1.1 | 4.18 | 31.19 | 35.37 | NOTE | |
r-devel-linux-x86_64-fedora-clang | 0.1.1 | 83.00 | NOTE | |||
r-devel-linux-x86_64-fedora-gcc | 0.1.1 | 74.40 | NOTE | |||
r-devel-windows-x86_64 | 0.1.1 | 8.00 | 61.00 | 69.00 | NOTE | |
r-patched-linux-x86_64 | 0.1.1 | 4.68 | 40.78 | 45.46 | OK | |
r-release-linux-x86_64 | 0.1.1 | 4.96 | 40.90 | 45.86 | OK | |
r-release-macos-arm64 | 0.1.1 | 27.00 | OK | |||
r-release-macos-x86_64 | 0.1.1 | 37.00 | OK | |||
r-release-windows-x86_64 | 0.1.1 | 7.00 | 59.00 | 66.00 | OK | |
r-oldrel-macos-arm64 | 0.1.1 | 26.00 | OK | |||
r-oldrel-macos-x86_64 | 0.1.1 | 50.00 | OK | |||
r-oldrel-windows-x86_64 | 0.1.1 | 7.00 | 66.00 | 73.00 | OK |
Version: 0.1.1
Check: DESCRIPTION meta-information
Result: NOTE
Missing dependency on R >= 4.1.0 because package code uses the pipe
|> or function shorthand \(...) syntax added in R 4.1.0.
File(s) using such syntax:
‘detect_segments.R’ ‘find_best_split.R’ ‘identify_migrations.R’
‘utils.R’
Flavors: r-devel-linux-x86_64-debian-clang, r-devel-linux-x86_64-debian-gcc, r-devel-linux-x86_64-fedora-clang, r-devel-linux-x86_64-fedora-gcc, r-devel-windows-x86_64
Version: 0.1.1
Check: dependencies in R code
Result: NOTE
Namespace in Imports field not imported from: ‘lifecycle’
All declared Imports should be used.
Flavors: r-devel-linux-x86_64-fedora-clang, r-devel-linux-x86_64-fedora-gcc