Last updated on 2025-02-19 09:50:53 CET.
Flavor | Version | Tinstall | Tcheck | Ttotal | Status | Flags |
---|---|---|---|---|---|---|
r-devel-linux-x86_64-debian-clang | 1.7-2 | 286.88 | 322.30 | 609.18 | OK | |
r-devel-linux-x86_64-debian-gcc | 1.7-2 | 213.81 | 220.18 | 433.99 | OK | |
r-devel-linux-x86_64-fedora-clang | 1.7-2 | 999.41 | OK | |||
r-devel-linux-x86_64-fedora-gcc | 1.7-2 | 1112.46 | OK | |||
r-devel-macos-arm64 | 1.7-2 | 284.00 | OK | |||
r-devel-macos-x86_64 | 1.7-2 | 521.00 | OK | |||
r-devel-windows-x86_64 | 1.7-2 | 390.00 | 423.00 | 813.00 | OK | |
r-patched-linux-x86_64 | 1.7-2 | 309.47 | 305.48 | 614.95 | OK | |
r-release-linux-x86_64 | 1.7-2 | 320.05 | 304.09 | 624.14 | OK | |
r-release-macos-arm64 | 1.7-2 | 118.00 | OK | |||
r-release-macos-x86_64 | 1.7-2 | 469.00 | OK | |||
r-release-windows-x86_64 | 1.7-2 | 390.00 | 426.00 | 816.00 | OK | |
r-oldrel-macos-arm64 | 1.6-5 | 228.00 | NOTE | |||
r-oldrel-macos-x86_64 | 1.6-5 | 525.00 | NOTE | |||
r-oldrel-windows-x86_64 | 1.6-5 | 281.00 | 512.00 | 793.00 | OK |
Version: 1.6-5
Check: R code for possible problems
Result: NOTE
qr.X: no visible binding for global variable ‘R’
Undefined global functions or variables:
R
Flavors: r-oldrel-macos-arm64, r-oldrel-macos-x86_64