Last updated on 2025-05-10 09:50:35 CEST.
Flavor | Version | Tinstall | Tcheck | Ttotal | Status | Flags |
---|---|---|---|---|---|---|
r-devel-linux-x86_64-debian-clang | 1.0.0 | 23.15 | 255.54 | 278.69 | NOTE | |
r-devel-linux-x86_64-debian-gcc | 1.0.0 | 15.72 | 160.65 | 176.37 | NOTE | |
r-devel-linux-x86_64-fedora-clang | 1.0.0 | 462.92 | OK | |||
r-devel-linux-x86_64-fedora-gcc | 1.0.0 | 465.32 | OK | |||
r-devel-windows-x86_64 | 1.0.0 | 26.00 | 265.00 | 291.00 | OK | |
r-patched-linux-x86_64 | 1.0.0 | 21.42 | 241.18 | 262.60 | OK | |
r-release-linux-x86_64 | 1.0.0 | 21.59 | 241.18 | 262.77 | OK | |
r-release-macos-arm64 | 1.0.0 | 129.00 | OK | |||
r-release-macos-x86_64 | 1.0.0 | 257.00 | OK | |||
r-release-windows-x86_64 | 1.0.0 | 25.00 | 259.00 | 284.00 | OK | |
r-oldrel-macos-arm64 | 1.0.0 | 112.00 | OK | |||
r-oldrel-macos-x86_64 | 1.0.0 | 184.00 | OK | |||
r-oldrel-windows-x86_64 | 1.0.0 | 31.00 | 333.00 | 364.00 | OK |
Version: 1.0.0
Check: CRAN incoming feasibility
Result: NOTE
Maintainer: ‘Zhigang Li <lzg2151@gmail.com>’
Package has help file(s) containing later-stage \Sexpr{} expressions
but no 'build/stage23.rdb' file.
Flavors: r-devel-linux-x86_64-debian-clang, r-devel-linux-x86_64-debian-gcc