CRAN Package Check Results for Package MVTests

Last updated on 2025-07-13 09:49:46 CEST.

Flavor Version Tinstall Tcheck Ttotal Status Flags
r-devel-linux-x86_64-debian-clang 2.2.2 3.76 57.86 61.62 NOTE
r-devel-linux-x86_64-debian-gcc 2.2.2 2.53 40.71 43.24 NOTE
r-devel-linux-x86_64-fedora-clang 2.2.2 95.65 OK
r-devel-linux-x86_64-fedora-gcc 2.2.2 94.67 OK
r-devel-windows-x86_64 2.2.2 5.00 69.00 74.00 OK
r-patched-linux-x86_64 2.2.2 3.37 54.86 58.23 OK
r-release-linux-x86_64 2.2.2 3.14 54.09 57.23 OK
r-release-macos-arm64 2.2.2 31.00 OK
r-release-macos-x86_64 2.2.2 53.00 OK
r-release-windows-x86_64 2.2.2 5.00 73.00 78.00 OK
r-oldrel-macos-arm64 2.2.2 27.00 OK
r-oldrel-macos-x86_64 2.2.2 46.00 OK
r-oldrel-windows-x86_64 2.2.2 6.00 88.00 94.00 OK

Check Details

Version: 2.2.2
Check: CRAN incoming feasibility
Result: NOTE Maintainer: ‘Hasan BULUT <hasan.bulut@omu.edu.tr>’ No Authors@R field in DESCRIPTION. Please add one, modifying Authors@R: person(given = "Hasan", family = "BULUT", role = c("aut", "cre"), email = "hasan.bulut@omu.edu.tr") as necessary. Flavors: r-devel-linux-x86_64-debian-clang, r-devel-linux-x86_64-debian-gcc