Last updated on 2025-02-16 09:50:46 CET.
Flavor | Version | Tinstall | Tcheck | Ttotal | Status | Flags |
---|---|---|---|---|---|---|
r-devel-linux-x86_64-debian-clang | 0.9-3 | 5.62 | 39.87 | 45.49 | NOTE | |
r-devel-linux-x86_64-debian-gcc | 0.9-3 | 3.98 | 28.63 | 32.61 | NOTE | |
r-devel-linux-x86_64-fedora-clang | 0.9-3 | 74.66 | NOTE | |||
r-devel-linux-x86_64-fedora-gcc | 0.9-3 | 70.46 | NOTE | |||
r-devel-macos-arm64 | 0.9-3 | 27.00 | NOTE | |||
r-devel-macos-x86_64 | 0.9-3 | 46.00 | NOTE | |||
r-devel-windows-x86_64 | 0.9-3 | 7.00 | 71.00 | 78.00 | NOTE | |
r-patched-linux-x86_64 | 0.9-3 | 6.27 | 36.96 | 43.23 | NOTE | |
r-release-linux-x86_64 | 0.9-3 | 5.30 | 36.73 | 42.03 | NOTE | |
r-release-macos-arm64 | 0.9-3 | 26.00 | NOTE | |||
r-release-macos-x86_64 | 0.9-3 | 51.00 | NOTE | |||
r-release-windows-x86_64 | 0.9-3 | 7.00 | 70.00 | 77.00 | NOTE | |
r-oldrel-macos-arm64 | 0.9-3 | 27.00 | NOTE | |||
r-oldrel-macos-x86_64 | 0.9-3 | 42.00 | NOTE | |||
r-oldrel-windows-x86_64 | 0.9-3 | 8.00 | 100.00 | 108.00 | NOTE |
Version: 0.9-3
Check: Rd files
Result: NOTE
checkRd: (-1) Soybean.Rd:15: Escaped LaTeX specials: \#
checkRd: (-1) Soybean.Rd:33: Escaped LaTeX specials: \#
Flavors: r-devel-linux-x86_64-debian-clang, r-devel-linux-x86_64-debian-gcc, r-devel-linux-x86_64-fedora-clang, r-devel-linux-x86_64-fedora-gcc, r-devel-macos-arm64, r-devel-macos-x86_64, r-devel-windows-x86_64, r-patched-linux-x86_64, r-release-linux-x86_64, r-release-macos-arm64, r-release-macos-x86_64, r-release-windows-x86_64, r-oldrel-macos-arm64, r-oldrel-macos-x86_64, r-oldrel-windows-x86_64