Last updated on 2025-02-18 09:50:43 CET.
Flavor | Version | Tinstall | Tcheck | Ttotal | Status | Flags |
---|---|---|---|---|---|---|
r-devel-linux-x86_64-debian-clang | 0.16.3 | 6.87 | 71.77 | 78.64 | OK | |
r-devel-linux-x86_64-debian-gcc | 0.16.3 | 4.06 | 51.64 | 55.70 | OK | |
r-devel-linux-x86_64-fedora-clang | 0.16.3 | 130.19 | OK | |||
r-devel-linux-x86_64-fedora-gcc | 0.16.3 | 124.09 | OK | |||
r-devel-macos-arm64 | 0.16.3 | 41.00 | OK | |||
r-devel-macos-x86_64 | 0.16.3 | 98.00 | OK | |||
r-devel-windows-x86_64 | 0.16.3 | 7.00 | 87.00 | 94.00 | OK | |
r-patched-linux-x86_64 | 0.16.3 | 6.15 | 68.34 | 74.49 | NOTE | |
r-release-linux-x86_64 | 0.16.3 | 6.32 | 68.25 | 74.57 | NOTE | |
r-release-macos-arm64 | 0.16.3 | 42.00 | NOTE | |||
r-release-macos-x86_64 | 0.16.3 | 94.00 | NOTE | |||
r-release-windows-x86_64 | 0.16.3 | 7.00 | 82.00 | 89.00 | NOTE | |
r-oldrel-macos-arm64 | 0.16.3 | 37.00 | NOTE | |||
r-oldrel-macos-x86_64 | 0.16.3 | 75.00 | NOTE | |||
r-oldrel-windows-x86_64 | 0.16.3 | 8.00 | 95.00 | 103.00 | NOTE |
Version: 0.16.3
Check: package dependencies
Result: NOTE
Package suggested but not available for checking: ‘cmdstanr’
Flavors: r-patched-linux-x86_64, r-release-linux-x86_64, r-release-macos-arm64, r-release-macos-x86_64, r-release-windows-x86_64, r-oldrel-macos-arm64, r-oldrel-macos-x86_64, r-oldrel-windows-x86_64