Last updated on 2025-05-09 09:51:46 CEST.
Flavor | Version | Tinstall | Tcheck | Ttotal | Status | Flags |
---|---|---|---|---|---|---|
r-devel-linux-x86_64-debian-clang | 4.9.3 | 17.65 | 97.85 | 115.50 | NOTE | |
r-devel-linux-x86_64-debian-gcc | 4.9.3 | 11.34 | 67.32 | 78.66 | NOTE | |
r-devel-linux-x86_64-fedora-clang | 4.9.3 | 201.14 | OK | |||
r-devel-linux-x86_64-fedora-gcc | 4.9.3 | 194.26 | OK | |||
r-devel-windows-x86_64 | 4.9.3 | 19.00 | 118.00 | 137.00 | NOTE | |
r-patched-linux-x86_64 | 4.9.3 | 19.14 | 93.62 | 112.76 | NOTE | |
r-release-linux-x86_64 | 4.9.3 | 17.81 | 93.10 | 110.91 | NOTE | |
r-release-macos-arm64 | 4.9.3 | 44.00 | OK | |||
r-release-macos-x86_64 | 4.9.3 | 86.00 | OK | |||
r-release-windows-x86_64 | 4.9.3 | 22.00 | 119.00 | 141.00 | NOTE | |
r-oldrel-macos-arm64 | 4.9.3 | 42.00 | OK | |||
r-oldrel-macos-x86_64 | 4.9.3 | 65.00 | OK | |||
r-oldrel-windows-x86_64 | 4.9.3 | 27.00 | 144.00 | 171.00 | OK |
Version: 4.9.3
Check: Rd cross-references
Result: NOTE
Found the following Rd file(s) with Rd \link{} targets missing package
anchors:
upsilon.Rd: lavaan, boot
Please provide package anchors for all Rd \link{} targets not in the
package itself and the base packages.
Flavors: r-devel-linux-x86_64-debian-clang, r-devel-linux-x86_64-debian-gcc, r-devel-windows-x86_64, r-patched-linux-x86_64, r-release-linux-x86_64, r-release-windows-x86_64