CRAN Package Check Results for Package LindleyPowerSeries

Last updated on 2025-05-09 09:51:45 CEST.

Flavor Version Tinstall Tcheck Ttotal Status Flags
r-devel-linux-x86_64-debian-clang 1.0.1 2.25 20.07 22.32 NOTE
r-devel-linux-x86_64-debian-gcc 1.0.1 1.64 16.13 17.77 NOTE
r-devel-linux-x86_64-fedora-clang 1.0.1 33.72 OK
r-devel-linux-x86_64-fedora-gcc 1.0.1 32.74 OK
r-devel-windows-x86_64 1.0.1 3.00 40.00 43.00 OK
r-patched-linux-x86_64 1.0.1 2.16 18.82 20.98 OK
r-release-linux-x86_64 1.0.1 1.79 19.12 20.91 OK
r-release-macos-arm64 1.0.1 15.00 OK
r-release-macos-x86_64 1.0.1 24.00 OK
r-release-windows-x86_64 1.0.1 3.00 43.00 46.00 OK
r-oldrel-macos-arm64 1.0.1 14.00 OK
r-oldrel-macos-x86_64 1.0.1 20.00 OK
r-oldrel-windows-x86_64 1.0.1 4.00 44.00 48.00 OK

Check Details

Version: 1.0.1
Check: CRAN incoming feasibility
Result: NOTE Maintainer: ‘Yuancheng Si <siyuanchengman@gmail.com>’ No Authors@R field in DESCRIPTION. Please add one, modifying Authors@R: c(person(given = c("Saralees", "Nadarajah", "&", "Yuancheng"), family = "Si", role = "aut"), person(given = "Peihao", family = "Wang", role = "aut"), person(given = "Yuancheng", family = "Si", role = "cre", email = "siyuanchengman@gmail.com")) as necessary. Flavors: r-devel-linux-x86_64-debian-clang, r-devel-linux-x86_64-debian-gcc