Last updated on 2025-02-16 09:50:43 CET.
Flavor | Version | Tinstall | Tcheck | Ttotal | Status | Flags |
---|---|---|---|---|---|---|
r-devel-linux-x86_64-debian-clang | 1.0.16 | 3.13 | 37.58 | 40.71 | NOTE | |
r-devel-linux-x86_64-debian-gcc | 1.0.16 | 2.34 | 26.64 | 28.98 | NOTE | |
r-devel-linux-x86_64-fedora-clang | 1.0.16 | 65.26 | OK | |||
r-devel-linux-x86_64-fedora-gcc | 1.0.16 | 59.85 | OK | |||
r-devel-macos-arm64 | 1.0.16 | 23.00 | OK | |||
r-devel-macos-x86_64 | 1.0.16 | 40.00 | OK | |||
r-devel-windows-x86_64 | 1.0.16 | 4.00 | 62.00 | 66.00 | NOTE | |
r-patched-linux-x86_64 | 1.0.16 | 3.50 | 34.84 | 38.34 | OK | |
r-release-linux-x86_64 | 1.0.16 | 2.74 | 34.54 | 37.28 | OK | |
r-release-macos-arm64 | 1.0.16 | 23.00 | OK | |||
r-release-macos-x86_64 | 1.0.16 | 34.00 | OK | |||
r-release-windows-x86_64 | 1.0.16 | 4.00 | 62.00 | 66.00 | OK | |
r-oldrel-macos-arm64 | 1.0.16 | 25.00 | OK | |||
r-oldrel-macos-x86_64 | 1.0.16 | 34.00 | OK | |||
r-oldrel-windows-x86_64 | 1.0.16 | 5.00 | 65.00 | 70.00 | OK |
Version: 1.0.16
Check: Rd cross-references
Result: NOTE
Found the following Rd file(s) with Rd \link{} targets missing package
anchors:
surv.colors.Rd: Surv
surv.scale.Rd: Surv
Please provide package anchors for all Rd \link{} targets not in the
package itself and the base packages.
Flavors: r-devel-linux-x86_64-debian-clang, r-devel-linux-x86_64-debian-gcc, r-devel-windows-x86_64