CRAN Package Check Results for Package LIStest

Last updated on 2025-02-18 09:50:41 CET.

Flavor Version Tinstall Tcheck Ttotal Status Flags
r-devel-linux-x86_64-debian-clang 2.1 11.73 20.62 32.35 OK
r-devel-linux-x86_64-debian-gcc 2.1 8.84 16.65 25.49 OK
r-devel-linux-x86_64-fedora-clang 2.1 52.28 OK
r-devel-linux-x86_64-fedora-gcc 2.1 49.33 OK
r-devel-macos-arm64 2.1 21.00 OK
r-devel-macos-x86_64 2.1 38.00 OK
r-devel-windows-x86_64 2.1 12.00 39.00 51.00 OK
r-patched-linux-x86_64 2.1 11.71 19.55 31.26 NOTE
r-release-linux-x86_64 2.1 10.92 19.75 30.67 NOTE
r-release-macos-arm64 2.1 22.00 NOTE
r-release-macos-x86_64 2.1 30.00 NOTE
r-release-windows-x86_64 2.1 11.00 40.00 51.00 NOTE
r-oldrel-macos-arm64 2.1 23.00 NOTE
r-oldrel-macos-x86_64 2.1 31.00 NOTE
r-oldrel-windows-x86_64 2.1 14.00 41.00 55.00 NOTE

Check Details

Version: 2.1
Check: LazyData
Result: NOTE 'LazyData' is specified without a 'data' directory Flavors: r-patched-linux-x86_64, r-release-linux-x86_64, r-release-macos-arm64, r-release-macos-x86_64, r-release-windows-x86_64, r-oldrel-macos-arm64, r-oldrel-macos-x86_64, r-oldrel-windows-x86_64