CRAN Package Check Results for Package KoulMde

Last updated on 2025-02-16 09:50:42 CET.

Flavor Version Tinstall Tcheck Ttotal Status Flags
r-devel-linux-x86_64-debian-clang 3.2.1 33.84 53.67 87.51 NOTE
r-devel-linux-x86_64-debian-gcc 3.2.1 24.31 40.41 64.72 NOTE
r-devel-linux-x86_64-fedora-clang 3.2.1 158.45 NOTE
r-devel-linux-x86_64-fedora-gcc 3.2.1 156.39 NOTE
r-devel-macos-arm64 3.2.1 44.00 NOTE
r-devel-macos-x86_64 3.2.1 65.00 NOTE
r-devel-windows-x86_64 3.2.1 40.00 86.00 126.00 NOTE
r-patched-linux-x86_64 3.2.1 39.21 50.96 90.17 NOTE
r-release-linux-x86_64 3.2.1 36.60 49.93 86.53 NOTE
r-release-macos-arm64 3.2.1 41.00 NOTE
r-release-macos-x86_64 3.2.1 63.00 NOTE
r-release-windows-x86_64 3.2.1 39.00 89.00 128.00 NOTE
r-oldrel-macos-arm64 3.2.1 51.00 NOTE
r-oldrel-macos-x86_64 3.2.1 77.00 NOTE
r-oldrel-windows-x86_64 3.2.1 48.00 131.00 179.00 NOTE

Check Details

Version: 3.2.1
Check: C++ specification
Result: NOTE Specified C++11: please drop specification unless essential Flavors: r-devel-linux-x86_64-debian-clang, r-devel-linux-x86_64-debian-gcc, r-devel-linux-x86_64-fedora-clang, r-devel-linux-x86_64-fedora-gcc, r-devel-macos-arm64, r-devel-macos-x86_64, r-devel-windows-x86_64, r-patched-linux-x86_64, r-release-linux-x86_64, r-release-macos-arm64, r-release-macos-x86_64, r-release-windows-x86_64, r-oldrel-macos-arm64, r-oldrel-macos-x86_64, r-oldrel-windows-x86_64

Version: 3.2.1
Check: LazyData
Result: NOTE 'LazyData' is specified without a 'data' directory Flavors: r-patched-linux-x86_64, r-release-linux-x86_64, r-release-macos-arm64, r-release-macos-x86_64, r-release-windows-x86_64, r-oldrel-macos-arm64, r-oldrel-macos-x86_64, r-oldrel-windows-x86_64