CRAN Package Check Results for Package KScorrect

Last updated on 2025-02-16 09:50:42 CET.

Flavor Version Tinstall Tcheck Ttotal Status Flags
r-devel-linux-x86_64-debian-clang 1.4.0 2.15 28.44 30.59 NOTE
r-devel-linux-x86_64-debian-gcc 1.4.0 1.83 21.32 23.15 NOTE
r-devel-linux-x86_64-fedora-clang 1.4.0 50.23 NOTE
r-devel-linux-x86_64-fedora-gcc 1.4.0 47.01 NOTE
r-devel-macos-arm64 1.4.0 17.00 NOTE
r-devel-macos-x86_64 1.4.0 43.00 NOTE
r-devel-windows-x86_64 1.4.0 3.00 48.00 51.00 NOTE
r-patched-linux-x86_64 1.4.0 2.33 27.70 30.03 NOTE
r-release-linux-x86_64 1.4.0 2.30 27.14 29.44 NOTE
r-release-macos-arm64 1.4.0 17.00 NOTE
r-release-macos-x86_64 1.4.0 28.00 NOTE
r-release-windows-x86_64 1.4.0 3.00 49.00 52.00 NOTE
r-oldrel-macos-arm64 1.4.0 19.00 NOTE
r-oldrel-macos-x86_64 1.4.0 26.00 NOTE
r-oldrel-windows-x86_64 1.4.0 5.00 54.00 59.00 NOTE

Check Details

Version: 1.4.0
Check: Rd files
Result: NOTE checkRd: (-1) ks_test_stat.Rd:14: Lost braces 14 | are valid. See /code{LcKS} for accepted functions.} | ^ Flavors: r-devel-linux-x86_64-debian-clang, r-devel-linux-x86_64-debian-gcc, r-devel-linux-x86_64-fedora-clang, r-devel-linux-x86_64-fedora-gcc, r-devel-macos-arm64, r-devel-macos-x86_64, r-devel-windows-x86_64, r-patched-linux-x86_64, r-release-linux-x86_64, r-release-macos-arm64, r-release-macos-x86_64, r-release-windows-x86_64

Version: 1.4.0
Check: LazyData
Result: NOTE 'LazyData' is specified without a 'data' directory Flavors: r-patched-linux-x86_64, r-release-linux-x86_64, r-release-macos-arm64, r-release-macos-x86_64, r-release-windows-x86_64, r-oldrel-macos-arm64, r-oldrel-macos-x86_64, r-oldrel-windows-x86_64