CRAN Package Check Results for Package KRIS

Last updated on 2025-07-13 09:49:44 CEST.

Flavor Version Tinstall Tcheck Ttotal Status Flags
r-devel-linux-x86_64-debian-clang 1.1.6 7.69 66.40 74.09 NOTE
r-devel-linux-x86_64-debian-gcc 1.1.6 5.10 49.32 54.42 NOTE
r-devel-linux-x86_64-fedora-clang 1.1.6 108.29 OK
r-devel-linux-x86_64-fedora-gcc 1.1.6 103.79 OK
r-devel-windows-x86_64 1.1.6 8.00 78.00 86.00 OK
r-patched-linux-x86_64 1.1.6 7.02 62.73 69.75 OK
r-release-linux-x86_64 1.1.6 7.27 61.68 68.95 OK
r-release-macos-arm64 1.1.6 36.00 OK
r-release-macos-x86_64 1.1.6 71.00 OK
r-release-windows-x86_64 1.1.6 9.00 76.00 85.00 OK
r-oldrel-macos-arm64 1.1.6 35.00 OK
r-oldrel-macos-x86_64 1.1.6 57.00 OK
r-oldrel-windows-x86_64 1.1.6 11.00 91.00 102.00 OK

Check Details

Version: 1.1.6
Check: CRAN incoming feasibility
Result: NOTE Maintainer: ‘Kridsadakorn Chaichoompu <kridsadakorn@biostatgen.org>’ Package CITATION file contains call(s) to old-style personList() or as.personList(). Please use c() on person objects instead. Package CITATION file contains call(s) to old-style citEntry(). Please use bibentry() instead. Flavors: r-devel-linux-x86_64-debian-clang, r-devel-linux-x86_64-debian-gcc