Last updated on 2025-02-24 09:50:50 CET.
Flavor | Version | Tinstall | Tcheck | Ttotal | Status | Flags |
---|---|---|---|---|---|---|
r-devel-linux-x86_64-debian-clang | 1.0.6 | 17.00 | 136.76 | 153.76 | NOTE | |
r-devel-linux-x86_64-debian-gcc | 1.0.6 | 11.24 | 91.13 | 102.37 | NOTE | |
r-devel-linux-x86_64-fedora-clang | 1.0.6 | 247.30 | NOTE | |||
r-devel-linux-x86_64-fedora-gcc | 1.0.6 | 273.03 | NOTE | |||
r-devel-macos-arm64 | 1.0.6 | 86.00 | OK | |||
r-devel-macos-x86_64 | 1.0.6 | 194.00 | NOTE | |||
r-devel-windows-x86_64 | 1.0.6 | 17.00 | 150.00 | 167.00 | NOTE | |
r-patched-linux-x86_64 | 1.0.6 | 18.20 | 128.57 | 146.77 | OK | |
r-release-linux-x86_64 | 1.0.6 | 13.59 | 126.96 | 140.55 | OK | |
r-release-macos-arm64 | 1.0.6 | 82.00 | OK | |||
r-release-macos-x86_64 | 1.0.6 | 170.00 | OK | |||
r-release-windows-x86_64 | 1.0.6 | 17.00 | 148.00 | 165.00 | OK | |
r-oldrel-macos-arm64 | 1.0.6 | 88.00 | OK | |||
r-oldrel-macos-x86_64 | 1.0.6 | 199.00 | OK | |||
r-oldrel-windows-x86_64 | 1.0.6 | 21.00 | 179.00 | 200.00 | OK |
Version: 1.0.6
Check: DESCRIPTION meta-information
Result: NOTE
Missing dependency on R >= 4.1.0 because package code uses the pipe
|> or function shorthand \(...) syntax added in R 4.1.0.
File(s) using such syntax:
‘helpfunctions_melt.R’
Flavors: r-devel-linux-x86_64-debian-clang, r-devel-linux-x86_64-debian-gcc, r-devel-linux-x86_64-fedora-clang, r-devel-linux-x86_64-fedora-gcc, r-devel-macos-x86_64, r-devel-windows-x86_64