Last updated on 2025-05-08 09:54:01 CEST.
Flavor | Version | Tinstall | Tcheck | Ttotal | Status | Flags |
---|---|---|---|---|---|---|
r-devel-linux-x86_64-debian-clang | 1.4 | 2.05 | 15.37 | 17.42 | NOTE | |
r-devel-linux-x86_64-debian-gcc | 1.4 | 1.55 | 12.44 | 13.99 | NOTE | |
r-devel-linux-x86_64-fedora-clang | 1.4 | 27.33 | OK | |||
r-devel-linux-x86_64-fedora-gcc | 1.4 | 27.78 | OK | |||
r-devel-windows-x86_64 | 1.4 | 3.00 | 40.00 | 43.00 | OK | |
r-patched-linux-x86_64 | 1.4 | 1.90 | 14.89 | 16.79 | OK | |
r-release-linux-x86_64 | 1.4 | 1.83 | 14.73 | 16.56 | OK | |
r-release-macos-arm64 | 1.4 | 17.00 | OK | |||
r-release-macos-x86_64 | 1.4 | 23.00 | OK | |||
r-release-windows-x86_64 | 1.4 | 3.00 | 42.00 | 45.00 | OK | |
r-oldrel-macos-arm64 | 1.4 | 24.00 | OK | |||
r-oldrel-macos-x86_64 | 1.4 | 19.00 | OK | |||
r-oldrel-windows-x86_64 | 1.4 | 4.00 | 40.00 | 44.00 | OK |
Version: 1.4
Check: CRAN incoming feasibility
Result: NOTE
Maintainer: ‘Trevor Hastie <hastie@stanford.edu>’
No Authors@R field in DESCRIPTION.
Please add one, modifying
Authors@R: c(person(given = "Gareth",
family = "James",
role = "aut"),
person(given = "Daniela",
family = "Witten",
role = "aut"),
person(given = "Trevor",
family = "Hastie",
role = c("aut", "cre"),
email = "hastie@stanford.edu"),
person(given = "Rob",
family = "Tibshirani",
role = "aut"))
as necessary.
Flavors: r-devel-linux-x86_64-debian-clang, r-devel-linux-x86_64-debian-gcc