Last updated on 2025-05-08 09:54:01 CEST.
Flavor | Version | Tinstall | Tcheck | Ttotal | Status | Flags |
---|---|---|---|---|---|---|
r-devel-linux-x86_64-debian-clang | 1.0.0 | 8.78 | 274.82 | 283.60 | OK | |
r-devel-linux-x86_64-debian-gcc | 1.0.0 | 6.83 | 198.21 | 205.04 | OK | |
r-devel-linux-x86_64-fedora-clang | 1.0.0 | 453.69 | NOTE | |||
r-devel-linux-x86_64-fedora-gcc | 1.0.0 | 565.52 | NOTE | |||
r-devel-windows-x86_64 | 1.0.0 | 12.00 | 374.00 | 386.00 | OK | |
r-patched-linux-x86_64 | 1.0.0 | 7.50 | 277.94 | 285.44 | OK | |
r-release-linux-x86_64 | 1.0.0 | 8.54 | 277.92 | 286.46 | OK | |
r-release-macos-arm64 | 1.0.0 | 202.00 | OK | |||
r-release-macos-x86_64 | 1.0.0 | 507.00 | OK | |||
r-release-windows-x86_64 | 1.0.0 | 11.00 | 366.00 | 377.00 | OK | |
r-oldrel-macos-arm64 | 1.0.0 | 164.00 | OK | |||
r-oldrel-macos-x86_64 | 1.0.0 | 281.00 | OK | |||
r-oldrel-windows-x86_64 | 1.0.0 | 12.00 | 448.00 | 460.00 | OK |
Version: 1.0.0
Check: dependencies in R code
Result: NOTE
Namespaces in Imports field not imported from:
‘lme4’ ‘reshape2’
All declared Imports should be used.
Flavors: r-devel-linux-x86_64-fedora-clang, r-devel-linux-x86_64-fedora-gcc