Last updated on 2025-02-19 09:50:51 CET.
Flavor | Version | Tinstall | Tcheck | Ttotal | Status | Flags |
---|---|---|---|---|---|---|
r-devel-linux-x86_64-debian-clang | 0.3.1 | 17.29 | 26.69 | 43.98 | NOTE | |
r-devel-linux-x86_64-debian-gcc | 0.3.1 | 13.00 | 20.41 | 33.41 | NOTE | |
r-devel-linux-x86_64-fedora-clang | 0.3.1 | 85.90 | NOTE | |||
r-devel-linux-x86_64-fedora-gcc | 0.3.1 | 76.49 | NOTE | |||
r-devel-macos-arm64 | 0.3.1 | 26.00 | NOTE | |||
r-devel-macos-x86_64 | 0.3.1 | 35.00 | NOTE | |||
r-devel-windows-x86_64 | 0.3.1 | 20.00 | 64.00 | 84.00 | NOTE | |
r-patched-linux-x86_64 | 0.3.1 | 18.28 | 25.55 | 43.83 | NOTE | |
r-release-linux-x86_64 | 0.3.1 | 17.42 | 25.24 | 42.66 | NOTE | |
r-release-macos-arm64 | 0.3.1 | 27.00 | NOTE | |||
r-release-macos-x86_64 | 0.3.1 | 32.00 | NOTE | |||
r-release-windows-x86_64 | 0.3.1 | 20.00 | 65.00 | 85.00 | NOTE | |
r-oldrel-macos-arm64 | 0.3.1 | 28.00 | OK | |||
r-oldrel-macos-x86_64 | 0.3.1 | 43.00 | OK | |||
r-oldrel-windows-x86_64 | 0.3.1 | 22.00 | 72.00 | 94.00 | OK |
Version: 0.3.1
Check: Rd files
Result: NOTE
checkRd: (-1) simHawkes1a.Rd:35: Lost braces; missing escapes or markup?
35 | distribution; 'd${dis}' gives the density function \eqn{g(\cdot)}.}
| ^
Flavors: r-devel-linux-x86_64-debian-clang, r-devel-linux-x86_64-debian-gcc, r-devel-linux-x86_64-fedora-clang, r-devel-linux-x86_64-fedora-gcc, r-devel-macos-arm64, r-devel-macos-x86_64, r-devel-windows-x86_64, r-patched-linux-x86_64, r-release-linux-x86_64, r-release-macos-arm64, r-release-macos-x86_64, r-release-windows-x86_64