CRAN Package Check Results for Package HCR

Last updated on 2025-02-16 09:50:41 CET.

Flavor Version Tinstall Tcheck Ttotal Status Flags
r-devel-linux-x86_64-debian-clang 0.1.1 2.45 26.92 29.37 OK
r-devel-linux-x86_64-debian-gcc 0.1.1 1.88 20.18 22.06 OK
r-devel-linux-x86_64-fedora-clang 0.1.1 50.19 OK
r-devel-linux-x86_64-fedora-gcc 0.1.1 44.20 OK
r-devel-macos-arm64 0.1.1 17.00 OK
r-devel-macos-x86_64 0.1.1 32.00 OK
r-devel-windows-x86_64 0.1.1 3.00 46.00 49.00 OK
r-patched-linux-x86_64 0.1.1 2.28 25.40 27.68 NOTE
r-release-linux-x86_64 0.1.1 2.07 25.90 27.97 NOTE
r-release-macos-arm64 0.1.1 17.00 NOTE
r-release-macos-x86_64 0.1.1 30.00 NOTE
r-release-windows-x86_64 0.1.1 3.00 46.00 49.00 NOTE
r-oldrel-macos-arm64 0.1.1 20.00 NOTE
r-oldrel-macos-x86_64 0.1.1 28.00 NOTE
r-oldrel-windows-x86_64 0.1.1 3.00 55.00 58.00 NOTE

Check Details

Version: 0.1.1
Check: LazyData
Result: NOTE 'LazyData' is specified without a 'data' directory Flavors: r-patched-linux-x86_64, r-release-linux-x86_64, r-release-macos-arm64, r-release-macos-x86_64, r-release-windows-x86_64, r-oldrel-macos-arm64, r-oldrel-macos-x86_64, r-oldrel-windows-x86_64