Last updated on 2025-02-16 09:50:39 CET.
Flavor | Version | Tinstall | Tcheck | Ttotal | Status | Flags |
---|---|---|---|---|---|---|
r-devel-linux-x86_64-debian-clang | 2.1.0 | 54.23 | 205.85 | 260.08 | OK | |
r-devel-linux-x86_64-debian-gcc | 2.1.0 | 34.07 | 135.61 | 169.68 | OK | |
r-devel-linux-x86_64-fedora-clang | 2.1.0 | 435.68 | OK | |||
r-devel-linux-x86_64-fedora-gcc | 2.1.0 | 451.88 | OK | |||
r-devel-macos-arm64 | 2.1.0 | 99.00 | OK | |||
r-devel-macos-x86_64 | 2.1.0 | 213.00 | OK | |||
r-devel-windows-x86_64 | 2.1.0 | 60.00 | 233.00 | 293.00 | OK | |
r-patched-linux-x86_64 | 2.1.0 | 58.19 | 194.76 | 252.95 | OK | |
r-release-linux-x86_64 | 2.1.0 | 53.30 | 195.78 | 249.08 | OK | |
r-release-macos-arm64 | 2.1.0 | 100.00 | NOTE | |||
r-release-macos-x86_64 | 2.1.0 | 285.00 | NOTE | |||
r-release-windows-x86_64 | 2.1.0 | 61.00 | 223.00 | 284.00 | OK | |
r-oldrel-macos-arm64 | 2.1.0 | 12.00 | ERROR | |||
r-oldrel-macos-x86_64 | 2.1.0 | 14.00 | ERROR | |||
r-oldrel-windows-x86_64 | 2.1.0 | 31.00 | 11.00 | 42.00 | ERROR |
Version: 2.1.0
Check: installed package size
Result: NOTE
installed size is 5.2Mb
sub-directories of 1Mb or more:
data 1.9Mb
libs 2.0Mb
Flavors: r-release-macos-arm64, r-release-macos-x86_64
Version: 2.1.0
Check: whether package can be installed
Result: ERROR
Installation failed.
Flavors: r-oldrel-macos-arm64, r-oldrel-macos-x86_64, r-oldrel-windows-x86_64