Last updated on 2025-04-16 09:53:01 CEST.
Flavor | Version | Tinstall | Tcheck | Ttotal | Status | Flags |
---|---|---|---|---|---|---|
r-devel-linux-x86_64-debian-clang | 0.1.7 | 10.17 | 92.57 | 102.74 | NOTE | |
r-devel-linux-x86_64-debian-gcc | 0.1.7 | 6.74 | 64.80 | 71.54 | NOTE | |
r-devel-linux-x86_64-fedora-clang | 0.1.7 | 167.58 | NOTE | |||
r-devel-linux-x86_64-fedora-gcc | 0.1.7 | 167.91 | NOTE | |||
r-devel-windows-x86_64 | 0.1.7 | 9.00 | 98.00 | 107.00 | NOTE | |
r-patched-linux-x86_64 | 0.1.7 | 11.66 | 88.39 | 100.05 | NOTE | |
r-release-linux-x86_64 | 0.1.7 | 10.15 | 87.83 | 97.98 | NOTE | |
r-release-macos-arm64 | 0.1.7 | 44.00 | NOTE | |||
r-release-macos-x86_64 | 0.1.7 | 89.00 | NOTE | |||
r-release-windows-x86_64 | 0.1.7 | 11.00 | 99.00 | 110.00 | NOTE | |
r-oldrel-macos-arm64 | 0.1.7 | 42.00 | NOTE | |||
r-oldrel-macos-x86_64 | 0.1.7 | 67.00 | NOTE | |||
r-oldrel-windows-x86_64 | 0.1.7 | 10.00 | 100.00 | 110.00 | NOTE |
Version: 0.1.7
Check: Rd files
Result: NOTE
checkRd: (-1) esSim.Rd:81: Lost braces; missing escapes or markup?
81 | \eqn{83} SNPs are in cluster {-}, \eqn{714} SNPs are in cluster \eqn{0},
| ^
checkRd: (-1) esSimDiffPriors.Rd:91: Lost braces; missing escapes or markup?
91 | \eqn{64} SNPs are in cluster {-}, \eqn{708} SNPs are in cluster \eqn{0},
| ^
Flavors: r-devel-linux-x86_64-debian-clang, r-devel-linux-x86_64-debian-gcc, r-devel-linux-x86_64-fedora-clang, r-devel-linux-x86_64-fedora-gcc, r-devel-windows-x86_64, r-patched-linux-x86_64, r-release-linux-x86_64, r-release-macos-arm64, r-release-macos-x86_64, r-release-windows-x86_64, r-oldrel-macos-arm64, r-oldrel-macos-x86_64, r-oldrel-windows-x86_64