Last updated on 2025-05-08 09:54:00 CEST.
Flavor | Version | Tinstall | Tcheck | Ttotal | Status | Flags |
---|---|---|---|---|---|---|
r-devel-linux-x86_64-debian-clang | 1.0.2 | 306.24 | 158.41 | 464.65 | OK | |
r-devel-linux-x86_64-debian-gcc | 1.0.2 | 301.80 | 139.79 | 441.59 | OK | |
r-devel-linux-x86_64-fedora-clang | 1.0.2 | 742.92 | OK | |||
r-devel-linux-x86_64-fedora-gcc | 1.0.2 | 1060.66 | OK | |||
r-devel-windows-x86_64 | 1.0.2 | 367.00 | 208.00 | 575.00 | OK | |
r-patched-linux-x86_64 | 1.0.2 | 387.94 | 187.17 | 575.11 | OK | |
r-release-linux-x86_64 | 1.0.2 | 385.99 | 183.70 | 569.69 | OK | |
r-release-macos-arm64 | 1.0.2 | 189.00 | OK | |||
r-release-macos-x86_64 | 1.0.2 | 250.00 | OK | |||
r-release-windows-x86_64 | 1.0.2 | 370.00 | 208.00 | 578.00 | OK | |
r-oldrel-macos-arm64 | 1.0.2 | 111.00 | NOTE | |||
r-oldrel-macos-x86_64 | 1.0.2 | 133.00 | NOTE | |||
r-oldrel-windows-x86_64 | 1.0.2 | 411.00 | 335.00 | 746.00 | NOTE |
Version: 1.0.2
Check: installed package size
Result: NOTE
installed size is 68.1Mb
sub-directories of 1Mb or more:
libs 67.2Mb
Flavors: r-oldrel-macos-arm64, r-oldrel-macos-x86_64
Version: 1.0.2
Check: for GNU extensions in Makefiles
Result: NOTE
GNU make is a SystemRequirements.
Flavors: r-oldrel-macos-arm64, r-oldrel-macos-x86_64, r-oldrel-windows-x86_64