Last updated on 2025-02-16 09:50:40 CET.
Flavor | Version | Tinstall | Tcheck | Ttotal | Status | Flags |
---|---|---|---|---|---|---|
r-devel-linux-x86_64-debian-clang | 2.1.1 | 26.52 | 91.70 | 118.22 | NOTE | |
r-devel-linux-x86_64-debian-gcc | 2.1.1 | 19.43 | 67.90 | 87.33 | NOTE | |
r-devel-linux-x86_64-fedora-clang | 2.1.1 | 203.67 | NOTE | |||
r-devel-linux-x86_64-fedora-gcc | 2.1.1 | 239.77 | NOTE | |||
r-devel-macos-arm64 | 2.1.1 | 83.00 | NOTE | |||
r-devel-macos-x86_64 | 2.1.1 | 139.00 | NOTE | |||
r-devel-windows-x86_64 | 2.1.1 | 26.00 | 140.00 | 166.00 | NOTE | |
r-patched-linux-x86_64 | 2.1.1 | 26.01 | 89.38 | 115.39 | NOTE | |
r-release-linux-x86_64 | 2.1.1 | 25.56 | 89.16 | 114.72 | NOTE | |
r-release-macos-arm64 | 2.1.1 | 82.00 | NOTE | |||
r-release-macos-x86_64 | 2.1.1 | 107.00 | NOTE | |||
r-release-windows-x86_64 | 2.1.1 | 28.00 | 130.00 | 158.00 | NOTE | |
r-oldrel-macos-arm64 | 2.1.1 | 87.00 | NOTE | |||
r-oldrel-macos-x86_64 | 2.1.1 | 121.00 | NOTE | |||
r-oldrel-windows-x86_64 | 2.1.1 | 37.00 | 158.00 | 195.00 | NOTE |
Version: 2.1.1
Check: C++ specification
Result: NOTE
Specified C++11: please drop specification unless essential
Flavors: r-devel-linux-x86_64-debian-clang, r-devel-linux-x86_64-debian-gcc, r-devel-linux-x86_64-fedora-clang, r-devel-linux-x86_64-fedora-gcc, r-devel-macos-arm64, r-devel-macos-x86_64, r-devel-windows-x86_64, r-patched-linux-x86_64, r-release-linux-x86_64, r-release-macos-arm64, r-release-macos-x86_64, r-release-windows-x86_64, r-oldrel-macos-arm64, r-oldrel-macos-x86_64, r-oldrel-windows-x86_64
Version: 2.1.1
Check: top-level files
Result: NOTE
possible bashism in configure.ac line 36 (should be 'b = a'):
if test x"${RSysinfoName}" == x"Darwin"; then
possible bashism in configure.ac line 47 (should be 'b = a'):
if test x"${hasOpenMP}" == x""; then
Flavors: r-devel-linux-x86_64-debian-clang, r-devel-linux-x86_64-debian-gcc, r-devel-linux-x86_64-fedora-clang, r-devel-linux-x86_64-fedora-gcc
Version: 2.1.1
Check: Rd files
Result: NOTE
checkRd: (-1) boot_eip.Rd:50: Escaped LaTeX specials: \&
checkRd: (-1) constrained.Rd:93: Escaped LaTeX specials: \&
Flavors: r-devel-linux-x86_64-debian-clang, r-devel-linux-x86_64-debian-gcc, r-devel-linux-x86_64-fedora-clang, r-devel-linux-x86_64-fedora-gcc, r-devel-macos-arm64, r-devel-macos-x86_64, r-devel-windows-x86_64, r-patched-linux-x86_64, r-release-linux-x86_64, r-release-macos-arm64, r-release-macos-x86_64, r-release-windows-x86_64, r-oldrel-macos-arm64, r-oldrel-macos-x86_64, r-oldrel-windows-x86_64
Version: 2.1.1
Check: dependencies in R code
Result: NOTE
Namespaces in Imports field not imported from:
‘Rdpack’ ‘mathjaxr’
All declared Imports should be used.
Flavors: r-devel-linux-x86_64-fedora-clang, r-devel-linux-x86_64-fedora-gcc
Version: 2.1.1
Check: package dependencies
Result: NOTE
Packages suggested but not available for checking:
'car', 'NetworkToolbox', 'NetworkComparisonTest'
Flavor: r-oldrel-macos-x86_64