Last updated on 2025-04-15 09:52:21 CEST.
Flavor | Version | Tinstall | Tcheck | Ttotal | Status | Flags |
---|---|---|---|---|---|---|
r-devel-linux-x86_64-debian-clang | 0.1 | 32.39 | 21.42 | 53.81 | OK | |
r-devel-linux-x86_64-debian-gcc | 0.1 | 23.04 | 17.89 | 40.93 | OK | |
r-devel-linux-x86_64-fedora-clang | 0.1 | 99.98 | OK | |||
r-devel-linux-x86_64-fedora-gcc | 0.1 | 97.62 | OK | |||
r-devel-windows-x86_64 | 0.1 | 35.00 | 58.00 | 93.00 | OK | |
r-patched-linux-x86_64 | 0.1 | 32.39 | 21.68 | 54.07 | OK | |
r-release-linux-x86_64 | 0.1 | 33.03 | 21.48 | 54.51 | OK | |
r-release-macos-arm64 | 0.1 | 28.00 | OK | |||
r-release-macos-x86_64 | 0.1 | 36.00 | OK | |||
r-release-windows-x86_64 | 0.1 | 38.00 | 59.00 | 97.00 | OK | |
r-oldrel-macos-arm64 | 0.1 | 29.00 | NOTE | |||
r-oldrel-macos-x86_64 | 0.1 | 33.00 | NOTE | |||
r-oldrel-windows-x86_64 | 0.1 | 45.00 | 67.00 | 112.00 | OK |
Version: 0.1
Check: installed package size
Result: NOTE
installed size is 7.4Mb
sub-directories of 1Mb or more:
libs 7.3Mb
Flavors: r-oldrel-macos-arm64, r-oldrel-macos-x86_64