Last updated on 2025-02-16 09:50:39 CET.
Flavor | Version | Tinstall | Tcheck | Ttotal | Status | Flags |
---|---|---|---|---|---|---|
r-devel-linux-x86_64-debian-clang | 2.9.4 | 164.65 | 100.28 | 264.93 | NOTE | |
r-devel-linux-x86_64-debian-gcc | 2.9.4 | 122.49 | 66.89 | 189.38 | NOTE | |
r-devel-linux-x86_64-fedora-clang | 2.9.4 | 503.60 | NOTE | |||
r-devel-linux-x86_64-fedora-gcc | 2.9.4 | 541.73 | NOTE | |||
r-devel-macos-arm64 | 2.9.4 | 111.00 | NOTE | |||
r-devel-macos-x86_64 | 2.9.4 | 149.00 | NOTE | |||
r-devel-windows-x86_64 | 2.9.4 | 171.00 | 137.00 | 308.00 | NOTE | |
r-patched-linux-x86_64 | 2.9.4 | 174.81 | 94.77 | 269.58 | NOTE | |
r-release-linux-x86_64 | 2.9.4 | 166.19 | 95.18 | 261.37 | NOTE | |
r-release-macos-arm64 | 2.9.4 | 113.00 | NOTE | |||
r-release-macos-x86_64 | 2.9.4 | 133.00 | NOTE | |||
r-release-windows-x86_64 | 2.9.4 | 173.00 | 140.00 | 313.00 | NOTE | |
r-oldrel-macos-arm64 | 2.9.4 | 103.00 | NOTE | |||
r-oldrel-macos-x86_64 | 2.9.4 | 181.00 | NOTE | |||
r-oldrel-windows-x86_64 | 2.9.4 | 212.00 | 168.00 | 380.00 | OK |
Version: 2.9.4
Check: Rd files
Result: NOTE
checkRd: (-1) GMSCDM.Rd:25: Lost braces; missing escapes or markup?
25 | representing restricted GMS-DINA and GMS-DINO models where delta_{jm1} are equal for all strategies. Note that only a single model can be used
| ^
Flavors: r-devel-linux-x86_64-debian-clang, r-devel-linux-x86_64-debian-gcc, r-devel-linux-x86_64-fedora-clang, r-devel-linux-x86_64-fedora-gcc, r-devel-macos-arm64, r-devel-macos-x86_64, r-devel-windows-x86_64, r-patched-linux-x86_64, r-release-linux-x86_64, r-release-macos-arm64, r-release-macos-x86_64, r-release-windows-x86_64
Version: 2.9.4
Check: installed package size
Result: NOTE
installed size is 12.9Mb
sub-directories of 1Mb or more:
libs 11.9Mb
Flavors: r-release-macos-arm64, r-release-macos-x86_64, r-oldrel-macos-arm64, r-oldrel-macos-x86_64