CRAN Package Check Results for Package FuncMap

Last updated on 2025-05-08 09:53:58 CEST.

Flavor Version Tinstall Tcheck Ttotal Status Flags
r-devel-linux-x86_64-debian-clang 1.0.10 3.31 34.59 37.90 NOTE
r-devel-linux-x86_64-debian-gcc 1.0.10 2.90 26.49 29.39 NOTE
r-devel-linux-x86_64-fedora-clang 1.0.10 59.96 OK
r-devel-linux-x86_64-fedora-gcc 1.0.10 57.57 OK
r-devel-windows-x86_64 1.0.10 4.00 56.00 60.00 OK
r-patched-linux-x86_64 1.0.10 3.53 33.82 37.35 OK
r-release-linux-x86_64 1.0.10 3.40 33.39 36.79 OK
r-release-macos-arm64 1.0.10 24.00 OK
r-release-macos-x86_64 1.0.10 51.00 OK
r-release-windows-x86_64 1.0.10 4.00 58.00 62.00 OK
r-oldrel-macos-arm64 1.0.10 22.00 OK
r-oldrel-macos-x86_64 1.0.10 33.00 OK
r-oldrel-windows-x86_64 1.0.10 4.00 62.00 66.00 OK

Check Details

Version: 1.0.10
Check: CRAN incoming feasibility
Result: NOTE Maintainer: ‘Bryan A. Hanson <hanson@depauw.edu>’ No Authors@R field in DESCRIPTION. Please add one, modifying Authors@R: c(person(given = c("Bryan", "A.", "Hanson", "DePauw"), family = "University", role = "aut"), person(given = c("Greencastle", "Indiana"), family = "USA", role = "aut"), person(given = c("Bryan", "A."), family = "Hanson", role = "cre", email = "hanson@depauw.edu")) as necessary. Package CITATION file contains call(s) to old-style personList() or as.personList(). Please use c() on person objects instead. Package CITATION file contains call(s) to old-style citEntry(). Please use bibentry() instead. Flavors: r-devel-linux-x86_64-debian-clang, r-devel-linux-x86_64-debian-gcc