Last updated on 2025-05-09 09:51:41 CEST.
Flavor | Version | Tinstall | Tcheck | Ttotal | Status | Flags |
---|---|---|---|---|---|---|
r-devel-linux-x86_64-debian-clang | 1.3.7 | 3.55 | 77.77 | 81.32 | NOTE | |
r-devel-linux-x86_64-debian-gcc | 1.3.7 | 2.58 | 50.49 | 53.07 | NOTE | |
r-devel-linux-x86_64-fedora-clang | 1.3.7 | 137.62 | OK | |||
r-devel-linux-x86_64-fedora-gcc | 1.3.7 | 140.96 | OK | |||
r-devel-windows-x86_64 | 1.3.7 | 6.00 | 108.00 | 114.00 | OK | |
r-patched-linux-x86_64 | 1.3.7 | 3.52 | 74.01 | 77.53 | OK | |
r-release-linux-x86_64 | 1.3.7 | 2.85 | 74.19 | 77.04 | OK | |
r-release-macos-arm64 | 1.3.7 | 46.00 | OK | |||
r-release-macos-x86_64 | 1.3.7 | 103.00 | OK | |||
r-release-windows-x86_64 | 1.3.7 | 6.00 | 113.00 | 119.00 | OK | |
r-oldrel-macos-arm64 | 1.3.7 | 42.00 | OK | |||
r-oldrel-macos-x86_64 | 1.3.7 | 76.00 | OK | |||
r-oldrel-windows-x86_64 | 1.3.7 | 6.00 | 130.00 | 136.00 | OK |
Version: 1.3.7
Check: CRAN incoming feasibility
Result: NOTE
Maintainer: ‘Thomas Petzoldt <thomas.petzoldt@tu-dresden.de>’
No Authors@R field in DESCRIPTION.
Please add one, modifying
Authors@R: c(person(given = "Francois",
family = "Aucoin",
role = "aut"),
person(given = "Thomas",
family = "Petzoldt",
role = "cre",
email = "thomas.petzoldt@tu-dresden.de"))
as necessary.
Flavors: r-devel-linux-x86_64-debian-clang, r-devel-linux-x86_64-debian-gcc