Last updated on 2025-02-19 09:50:48 CET.
Flavor | Version | Tinstall | Tcheck | Ttotal | Status | Flags |
---|---|---|---|---|---|---|
r-devel-linux-x86_64-debian-clang | 2.6 | 3.08 | 36.07 | 39.15 | NOTE | |
r-devel-linux-x86_64-debian-gcc | 2.6 | 2.18 | 27.15 | 29.33 | NOTE | |
r-devel-linux-x86_64-fedora-clang | 2.6 | 59.89 | NOTE | |||
r-devel-linux-x86_64-fedora-gcc | 2.6 | 61.84 | NOTE | |||
r-devel-macos-arm64 | 2.6 | 24.00 | NOTE | |||
r-devel-macos-x86_64 | 2.6 | 46.00 | NOTE | |||
r-devel-windows-x86_64 | 2.6 | 5.00 | 65.00 | 70.00 | NOTE | |
r-patched-linux-x86_64 | 2.6 | 4.07 | 34.84 | 38.91 | NOTE | |
r-release-linux-x86_64 | 2.6 | 2.69 | 34.41 | 37.10 | NOTE | |
r-release-macos-arm64 | 2.6 | 24.00 | NOTE | |||
r-release-macos-x86_64 | 2.6 | 35.00 | NOTE | |||
r-release-windows-x86_64 | 2.6 | 3.00 | 64.00 | 67.00 | NOTE | |
r-oldrel-macos-arm64 | 2.6 | 26.00 | OK | |||
r-oldrel-macos-x86_64 | 2.6 | 47.00 | OK | |||
r-oldrel-windows-x86_64 | 2.6 | 5.00 | 61.00 | 66.00 | OK |
Version: 2.6
Check: Rd files
Result: NOTE
checkRd: (-1) pi0FAMT.Rd:18: Lost braces
18 | \code{pi0}{The estimated proportion \code{pi0} of null hypotheses.}}
| ^
Flavors: r-devel-linux-x86_64-debian-clang, r-devel-linux-x86_64-debian-gcc, r-devel-linux-x86_64-fedora-clang, r-devel-linux-x86_64-fedora-gcc, r-devel-macos-arm64, r-devel-macos-x86_64, r-devel-windows-x86_64, r-patched-linux-x86_64, r-release-linux-x86_64, r-release-macos-arm64, r-release-macos-x86_64, r-release-windows-x86_64
Version: 2.6
Check: Rd cross-references
Result: NOTE
Found the following Rd file(s) with Rd \link{} targets missing package
anchors:
as.FAMTdata.Rd: impute.knn
Please provide package anchors for all Rd \link{} targets not in the
package itself and the base packages.
Flavors: r-devel-linux-x86_64-debian-clang, r-devel-linux-x86_64-debian-gcc, r-devel-windows-x86_64